{"id":951,"date":"2023-01-26T19:32:55","date_gmt":"2023-01-26T19:32:55","guid":{"rendered":"https:\/\/profitstore.pl\/index.php\/produkt\/import-placeholder-for-1304\/"},"modified":"2023-01-26T19:33:08","modified_gmt":"2023-01-26T19:33:08","slug":"fotel-mlodziezowy-fuego","status":"publish","type":"product","link":"https:\/\/profitstore.pl\/index.php\/produkt\/fotel-mlodziezowy-fuego\/","title":{"rendered":"Fotel m\u0142odzie\u017cowy FUEGO"},"content":{"rendered":"<p>Fotel obrotowy w paski dost\u0119pny w trzech kolorach<\/p>\n<p><span id=\"ctl00_ContentPlaceHolder1_Label4_\" class=\"tile-s-tekst-opis\" style=\"padding-right: 5px; font-variant-numeric: normal; font-variant-east-asian: normal; font-stretch: normal; font-size: 17.3333px; line-height: normal; font-family: 'Segoe UI';\">Opis produktu:<\/span><br style=\"color: #be0024; font-family: 'Segoe UI'; font-size: 17.3333px;\" \/><span id=\"ctl00_ContentPlaceHolder1_txtOpis\" style=\"color: #be0024; font-family: 'Segoe UI'; font-size: 11pt;\">FUEGO mechanizm podstawowy,<\/span><\/p>\n<p><span id=\"ctl00_ContentPlaceHolder1_txtOpis\" style=\"color: #be0024; font-family: 'Segoe UI'; font-size: 11pt;\"> wymiary: 42\/55\/81-93\/43-55 cm,<\/span><\/p>\n<p><span id=\"ctl00_ContentPlaceHolder1_txtOpis\" style=\"color: #be0024; font-family: 'Segoe UI'; font-size: 11pt;\"> materia\u0142: tkanina membranowa,<\/span><\/p>\n<p><span id=\"ctl00_ContentPlaceHolder1_txtOpis\" style=\"color: #be0024; font-family: 'Segoe UI'; font-size: 11pt;\"> kolor: popielato-niebieski, popielato-fioletowy, popielato-pomara\u0144czowy<\/span><\/p>\n<p><img src=\"https:\/\/zamowienia.halmar.pl\/Upload\/d41d8cd98f00b204e9800998ecf8427e\/abf78aeb30109ab4a6db84c9b3616675.jpeg?131837177957626726\" alt=\"\" \/><\/p>\n<p><img src=\"https:\/\/zamowienia.halmar.pl\/Upload\/d41d8cd98f00b204e9800998ecf8427e\/5083913acbdc45190f299db710674335.jpeg?131837180095327248\" alt=\"\" \/><\/p>\n<p><img src=\"https:\/\/zamowienia.halmar.pl\/Upload\/d41d8cd98f00b204e9800998ecf8427e\/5a362dd7afdf691df5b2bf067f644258.jpeg?131837180430226210\" alt=\"\" \/><\/p>\n","protected":false},"excerpt":{"rendered":"<p>Fotel obrotowy w paski dost\u0119pny w trzech kolorach Opis produktu:FUEGO mechanizm podstawowy, wymiary: 42\/55\/81-93\/43-55 cm, materia\u0142: tkanina membranowa, kolor: popielato-niebieski, popielato-fioletowy, popielato-pomara\u0144czowy<\/p>\n","protected":false},"featured_media":0,"template":"","meta":[],"_links":{"self":[{"href":"https:\/\/profitstore.pl\/index.php\/wp-json\/wp\/v2\/product\/951"}],"collection":[{"href":"https:\/\/profitstore.pl\/index.php\/wp-json\/wp\/v2\/product"}],"about":[{"href":"https:\/\/profitstore.pl\/index.php\/wp-json\/wp\/v2\/types\/product"}],"wp:attachment":[{"href":"https:\/\/profitstore.pl\/index.php\/wp-json\/wp\/v2\/media?parent=951"}],"curies":[{"name":"wp","href":"https:\/\/api.w.org\/{rel}","templated":true}]}}