{"id":94808,"date":"2026-04-21T17:15:15","date_gmt":"2026-04-21T17:15:15","guid":{"rendered":"https:\/\/profitstore.pl\/index.php\/produkt\/filtr-eu7-do-aerovent-reversus-r600-610x177x25-zamiennik-ff73-2\/"},"modified":"2026-04-21T17:15:16","modified_gmt":"2026-04-21T17:15:16","slug":"filtr-eu7-do-aerovent-reversus-r600-610x177x25-zamiennik-ff73-2","status":"publish","type":"product","link":"https:\/\/profitstore.pl\/index.php\/produkt\/filtr-eu7-do-aerovent-reversus-r600-610x177x25-zamiennik-ff73-2\/","title":{"rendered":"Filtr EU7 do AeroVent Reversus R600 (610x177x25) zamiennik FF73"},"content":{"rendered":"<p>Filtr kasetowy klasy\u00a0 F7 \/ EU7 pasuj\u0105cych do centrali AeroVent\u00a0Reversus R600 . Filtr\u00a0jest zamiennikiem. Nazwy urz\u0105dze\u0144, cz\u0119\u015bci i marek zosta\u0142y u\u017cyte w celu identyfikacji produktu.<\/p>\n<p>Poni\u017cej przedstawiamy sprzedawany produkt:<\/p>\n<p><img src=\"https:\/\/pureventfilters.eu\/4211-large_default\/filtr-eu7-do-aerovent-reversus-r600-610x177x25-zamiennik-ff73.jpg\" alt=\"Filtr EU7 do AeroVent Reversus R600 (610x177x25) zamiennik FF73\" \/><\/p>\n","protected":false},"excerpt":{"rendered":"<p>Filtr kasetowy klasy\u00a0 F7 \/ EU7 pasuj\u0105cych do centrali AeroVent\u00a0Reversus R600 . Filtr\u00a0jest zamiennikiem. Nazwy urz\u0105dze\u0144, cz\u0119\u015bci i marek zosta\u0142y u\u017cyte w celu identyfikacji produktu. Poni\u017cej przedstawiamy sprzedawany produkt:<\/p>\n","protected":false},"featured_media":64868,"template":"","meta":[],"_links":{"self":[{"href":"https:\/\/profitstore.pl\/index.php\/wp-json\/wp\/v2\/product\/94808"}],"collection":[{"href":"https:\/\/profitstore.pl\/index.php\/wp-json\/wp\/v2\/product"}],"about":[{"href":"https:\/\/profitstore.pl\/index.php\/wp-json\/wp\/v2\/types\/product"}],"wp:featuredmedia":[{"embeddable":true,"href":"https:\/\/profitstore.pl\/index.php\/wp-json\/wp\/v2\/media\/64868"}],"wp:attachment":[{"href":"https:\/\/profitstore.pl\/index.php\/wp-json\/wp\/v2\/media?parent=94808"}],"curies":[{"name":"wp","href":"https:\/\/api.w.org\/{rel}","templated":true}]}}