{"id":94743,"date":"2026-04-24T17:07:01","date_gmt":"2026-04-24T17:07:01","guid":{"rendered":"https:\/\/profitstore.pl\/index.php\/produkt\/filtr-eu5-do-komfovent-verso-r-1000-1200-1300-1400-1500-u-2\/"},"modified":"2026-04-24T17:07:01","modified_gmt":"2026-04-24T17:07:01","slug":"filtr-eu5-do-komfovent-verso-r-1000-1200-1300-1400-1500-u-2","status":"publish","type":"product","link":"https:\/\/profitstore.pl\/index.php\/produkt\/filtr-eu5-do-komfovent-verso-r-1000-1200-1300-1400-1500-u-2\/","title":{"rendered":"Filtr EU5 do KOMFOVENT VERSO R 1000 \/ 1200 \/ 1300 \/ 1400 \/ 1500 U \/"},"content":{"rendered":"<p>Filtr kasetowy klasy \u00a0EU5\/M5 \u00a0pasuj\u0105cy do centrali wentylacyjnej\u00a0 KOMFOVENT : VERSO\u00a0R 1000 U VERSO\u00a0R 1000\u00a0H VERSO R 1000\u00a0V VERSO\u00a0R\u00a01200 U VERSO\u00a0R\u00a01200\u00a0H VERSO\u00a0R\u00a01200\u00a0V VERSO\u00a0R 1300 U VERSO R 1300\u00a0H VERSO R 1300\u00a0V VERSO R 1400 U VERSO R 1400\u00a0H VERSO R 1400\u00a0V VERSO R 1500 U VERSO R 1500\u00a0H VERSO R 1500\u00a0V Filtry s\u0105 zamiennikami, nazwy producent\u00f3w i marek zosta\u0142y u\u017cyte w celu identyfikacji produktu. Prowadzimy sprzeda\u017c filtr\u00f3w w kasecie metalowej gdzie zalet\u0105 takiego rozwi\u0105zania jest mo\u017cliwo\u015b\u0107 samodzielnej wymiany wk\u0142adu filtracyjnego, oraz obni\u017cenie koszt\u00f3w eksploatacji. Wk\u0142ady dost\u0119pne w atrakcyjnych cenach.<\/p>\n<p>Poni\u017cej przedstawiamy sprzedawany produkt:<\/p>\n<p><img src=\"https:\/\/pureventfilters.eu\/4737-large_default\/filtr-eu5-do-komfovent-verso-r-1000-1200-1300-1400-1500-u-h-v-800x400x46.jpg\" alt=\"Filtr EU5 do KOMFOVENT VERSO R 1000 \/ 1200 \/ 1300 \/ 1400 \/ 1500 U \/\" \/><\/p>\n","protected":false},"excerpt":{"rendered":"<p>Filtr kasetowy klasy \u00a0EU5\/M5 \u00a0pasuj\u0105cy do centrali wentylacyjnej\u00a0 KOMFOVENT : VERSO\u00a0R 1000 U VERSO\u00a0R 1000\u00a0H VERSO R 1000\u00a0V VERSO\u00a0R\u00a01200 U VERSO\u00a0R\u00a01200\u00a0H VERSO\u00a0R\u00a01200\u00a0V VERSO\u00a0R 1300 U VERSO R 1300\u00a0H VERSO R 1300\u00a0V VERSO R 1400 U VERSO R 1400\u00a0H VERSO R 1400\u00a0V VERSO R 1500 U VERSO R 1500\u00a0H VERSO R 1500\u00a0V Filtry s\u0105 zamiennikami, nazwy [&hellip;]<\/p>\n","protected":false},"featured_media":64071,"template":"","meta":[],"_links":{"self":[{"href":"https:\/\/profitstore.pl\/index.php\/wp-json\/wp\/v2\/product\/94743"}],"collection":[{"href":"https:\/\/profitstore.pl\/index.php\/wp-json\/wp\/v2\/product"}],"about":[{"href":"https:\/\/profitstore.pl\/index.php\/wp-json\/wp\/v2\/types\/product"}],"wp:featuredmedia":[{"embeddable":true,"href":"https:\/\/profitstore.pl\/index.php\/wp-json\/wp\/v2\/media\/64071"}],"wp:attachment":[{"href":"https:\/\/profitstore.pl\/index.php\/wp-json\/wp\/v2\/media?parent=94743"}],"curies":[{"name":"wp","href":"https:\/\/api.w.org\/{rel}","templated":true}]}}