{"id":94668,"date":"2026-04-27T07:10:59","date_gmt":"2026-04-27T07:10:59","guid":{"rendered":"https:\/\/profitstore.pl\/index.php\/produkt\/worki-do-electrolux-zce-1800-2200-2400-zanussi-zansc00-4szt-2\/"},"modified":"2026-04-27T07:10:59","modified_gmt":"2026-04-27T07:10:59","slug":"worki-do-electrolux-zce-1800-2200-2400-zanussi-zansc00-4szt-2","status":"publish","type":"product","link":"https:\/\/profitstore.pl\/index.php\/produkt\/worki-do-electrolux-zce-1800-2200-2400-zanussi-zansc00-4szt-2\/","title":{"rendered":"Worki do ELECTROLUX ZCE 1800\/2200\/2400 ZANUSSI ZANSC00  4szt."},"content":{"rendered":"<p>Worki pasuj\u0105 do nast\u0119puj\u0105cych modeli odkurzaczy: ELECTROLUX : ZCE 1800 ZCE 2200 ZCE 2400 ZANUSSI: ZAN SC00 Worki s\u0105 zamiennikami. Nazwy urz\u0105dze\u0144, cz\u0119\u015bci i marek zosta\u0142y u\u017cyte w celu identyfikacji produktu.<\/p>\n<p>Poni\u017cej przedstawiamy sprzedawany produkt:<\/p>\n<p><img src=\"https:\/\/pureventfilters.eu\/2481-large_default\/worki-do-electrolux-zce-180022002400-zanussi-zansc00-4szt.jpg\" alt=\"Worki do ELECTROLUX ZCE 1800\/2200\/2400 ZANUSSI ZANSC00  4szt.\" \/><\/p>\n","protected":false},"excerpt":{"rendered":"<p>Worki pasuj\u0105 do nast\u0119puj\u0105cych modeli odkurzaczy: ELECTROLUX : ZCE 1800 ZCE 2200 ZCE 2400 ZANUSSI: ZAN SC00 Worki s\u0105 zamiennikami. Nazwy urz\u0105dze\u0144, cz\u0119\u015bci i marek zosta\u0142y u\u017cyte w celu identyfikacji produktu. Poni\u017cej przedstawiamy sprzedawany produkt:<\/p>\n","protected":false},"featured_media":28723,"template":"","meta":[],"_links":{"self":[{"href":"https:\/\/profitstore.pl\/index.php\/wp-json\/wp\/v2\/product\/94668"}],"collection":[{"href":"https:\/\/profitstore.pl\/index.php\/wp-json\/wp\/v2\/product"}],"about":[{"href":"https:\/\/profitstore.pl\/index.php\/wp-json\/wp\/v2\/types\/product"}],"wp:featuredmedia":[{"embeddable":true,"href":"https:\/\/profitstore.pl\/index.php\/wp-json\/wp\/v2\/media\/28723"}],"wp:attachment":[{"href":"https:\/\/profitstore.pl\/index.php\/wp-json\/wp\/v2\/media?parent=94668"}],"curies":[{"name":"wp","href":"https:\/\/api.w.org\/{rel}","templated":true}]}}