{"id":94485,"date":"2026-04-18T17:00:28","date_gmt":"2026-04-18T17:00:28","guid":{"rendered":"https:\/\/profitstore.pl\/index.php\/produkt\/filtr-eu5-do-komfovent-kompakt-rego-500h-v-oraz-700h-v-540x260x46-2\/"},"modified":"2026-04-18T17:00:30","modified_gmt":"2026-04-18T17:00:30","slug":"filtr-eu5-do-komfovent-kompakt-rego-500h-v-oraz-700h-v-540x260x46-2","status":"publish","type":"product","link":"https:\/\/profitstore.pl\/index.php\/produkt\/filtr-eu5-do-komfovent-kompakt-rego-500h-v-oraz-700h-v-540x260x46-2\/","title":{"rendered":"Filtr EU5 do KOMFOVENT KOMPAKT REGO 500H\/V oraz 700H\/V (540x260x46)"},"content":{"rendered":"<p>Filtr klasy EU5\/M5 pasuj\u0105cy do centrali wentylacyjnej KOMFOVENT : KOMPAKT REGO 500 HE KOMPAKT REGO 500\u00a0VE KOMPAKT REGO 700 HE KOMPAKT REGO 700 VE Filtr jest zamiennikiem, nazwy producent\u00f3w i marek zosta\u0142y u\u017cyte w celu identyfikacji produktu. Prowadzimy sprzeda\u017c filtr\u00f3w w kasecie metalowej gdzie zalet\u0105 takiego rozwi\u0105zania jest mo\u017cliwo\u015b\u0107 samodzielnej wymiany wk\u0142adu filtracyjnego, oraz obni\u017cenie koszt\u00f3w eksploatacji. Wk\u0142ady dost\u0119pne w atrakcyjnych cenach.<\/p>\n<p>Poni\u017cej przedstawiamy sprzedawany produkt:<\/p>\n<p><img src=\"https:\/\/pureventfilters.eu\/578-large_default\/filtr-eu5-do-komfovent-kompakt-rego-500hv-oraz-700hv-540x260x46.jpg\" alt=\"Filtr EU5 do KOMFOVENT KOMPAKT REGO 500H\/V oraz 700H\/V (540x260x46)\" \/><\/p>\n","protected":false},"excerpt":{"rendered":"<p>Filtr klasy EU5\/M5 pasuj\u0105cy do centrali wentylacyjnej KOMFOVENT : KOMPAKT REGO 500 HE KOMPAKT REGO 500\u00a0VE KOMPAKT REGO 700 HE KOMPAKT REGO 700 VE Filtr jest zamiennikiem, nazwy producent\u00f3w i marek zosta\u0142y u\u017cyte w celu identyfikacji produktu. Prowadzimy sprzeda\u017c filtr\u00f3w w kasecie metalowej gdzie zalet\u0105 takiego rozwi\u0105zania jest mo\u017cliwo\u015b\u0107 samodzielnej wymiany wk\u0142adu filtracyjnego, oraz obni\u017cenie [&hellip;]<\/p>\n","protected":false},"featured_media":62911,"template":"","meta":[],"_links":{"self":[{"href":"https:\/\/profitstore.pl\/index.php\/wp-json\/wp\/v2\/product\/94485"}],"collection":[{"href":"https:\/\/profitstore.pl\/index.php\/wp-json\/wp\/v2\/product"}],"about":[{"href":"https:\/\/profitstore.pl\/index.php\/wp-json\/wp\/v2\/types\/product"}],"wp:featuredmedia":[{"embeddable":true,"href":"https:\/\/profitstore.pl\/index.php\/wp-json\/wp\/v2\/media\/62911"}],"wp:attachment":[{"href":"https:\/\/profitstore.pl\/index.php\/wp-json\/wp\/v2\/media?parent=94485"}],"curies":[{"name":"wp","href":"https:\/\/api.w.org\/{rel}","templated":true}]}}