{"id":92945,"date":"2026-04-18T17:00:34","date_gmt":"2026-04-18T17:00:34","guid":{"rendered":"https:\/\/profitstore.pl\/index.php\/produkt\/filtr-eu5-do-komfovent-kompakt-recu-3000-4000-4500-592x592x300\/"},"modified":"2026-04-18T17:00:34","modified_gmt":"2026-04-18T17:00:34","slug":"filtr-eu5-do-komfovent-kompakt-recu-3000-4000-4500-592x592x300","status":"publish","type":"product","link":"https:\/\/profitstore.pl\/index.php\/produkt\/filtr-eu5-do-komfovent-kompakt-recu-3000-4000-4500-592x592x300\/","title":{"rendered":"Filtr EU5 do KOMFOVENT KOMPAKT RECU 3000 \/ 4000 \/ 4500 (592x592x300)"},"content":{"rendered":"<p>Filtr kieszeniowy wykonany\u00a0w ramce stalowej ocynkowanej. Wk\u0142ad filtra z maty o klasie filtracji M5\/EU5. Pasuj\u0105cy\u00a0do centrali wentylacyjnej KOMFOVENT KOMPAKT RECU 3000, RECU 4000 oraz RECU 4500. Filtr\u00a0jest zamiennikiem. Nazwy urz\u0105dze\u0144, cz\u0119\u015bci i marek zosta\u0142y u\u017cyte w celu identyfikacji produktu.<\/p>\n<p>Poni\u017cej przedstawiamy sprzedawany produkt:<\/p>\n<p><img src=\"https:\/\/pureventfilters.eu\/3945-large_default\/filtr-eu5-do-komfovent-kompakt-recu-3000-4000-4500-592x592x300.jpg\" alt=\"Filtr EU5 do KOMFOVENT KOMPAKT RECU 3000 \/ 4000 \/ 4500 (592x592x300)\" \/><\/p>\n","protected":false},"excerpt":{"rendered":"<p>Filtr kieszeniowy wykonany\u00a0w ramce stalowej ocynkowanej. Wk\u0142ad filtra z maty o klasie filtracji M5\/EU5. Pasuj\u0105cy\u00a0do centrali wentylacyjnej KOMFOVENT KOMPAKT RECU 3000, RECU 4000 oraz RECU 4500. Filtr\u00a0jest zamiennikiem. Nazwy urz\u0105dze\u0144, cz\u0119\u015bci i marek zosta\u0142y u\u017cyte w celu identyfikacji produktu. Poni\u017cej przedstawiamy sprzedawany produkt:<\/p>\n","protected":false},"featured_media":92946,"template":"","meta":[],"_links":{"self":[{"href":"https:\/\/profitstore.pl\/index.php\/wp-json\/wp\/v2\/product\/92945"}],"collection":[{"href":"https:\/\/profitstore.pl\/index.php\/wp-json\/wp\/v2\/product"}],"about":[{"href":"https:\/\/profitstore.pl\/index.php\/wp-json\/wp\/v2\/types\/product"}],"wp:featuredmedia":[{"embeddable":true,"href":"https:\/\/profitstore.pl\/index.php\/wp-json\/wp\/v2\/media\/92946"}],"wp:attachment":[{"href":"https:\/\/profitstore.pl\/index.php\/wp-json\/wp\/v2\/media?parent=92945"}],"curies":[{"name":"wp","href":"https:\/\/api.w.org\/{rel}","templated":true}]}}