{"id":91587,"date":"2026-04-29T17:18:29","date_gmt":"2026-04-29T17:18:29","guid":{"rendered":"https:\/\/profitstore.pl\/index.php\/produkt\/filtr-eu7-do-ensy-ahu-350-400-b-370x165x94-epm1-70\/"},"modified":"2026-04-29T17:18:30","modified_gmt":"2026-04-29T17:18:30","slug":"filtr-eu7-do-ensy-ahu-350-400-b-370x165x94-epm1-70","status":"publish","type":"product","link":"https:\/\/profitstore.pl\/index.php\/produkt\/filtr-eu7-do-ensy-ahu-350-400-b-370x165x94-epm1-70\/","title":{"rendered":"Filtr EU7 do ENSY AHU 350 \/ 400 B (370x165x94) ePM1 70%"},"content":{"rendered":"<p>\u00a0Zamiennik filtra ENSY\/MP165x370x94-F7 o podwy\u017cszonej skuteczno\u015bci ePM1 70%.\u00a0W rekuperatorze montowane s\u0105 2szt. filtr\u00f3w. Przed zam\u00f3wieniem prosz\u0119 o weryfikacj\u0119 wymiar\u00f3w filtr\u00f3w podanych w ofercie z wymiarami filtra rzeczywi\u015bcie zamontowanego w centrali. Filtr jest zamiennikiem, nazwy marek i urz\u0105dze\u0144 zosta\u0142y u\u017cyte w celu identyfikacji produktu.\u00a0<\/p>\n<p>Poni\u017cej przedstawiamy sprzedawany produkt:<\/p>\n<p><img src=\"https:\/\/pureventfilters.eu\/4797-large_default\/filtr-eu7-do-ensy-ahu-350-400-b-370x165x94-epm1-70.jpg\" alt=\"Filtr EU7 do ENSY AHU 350 \/ 400 B (370x165x94) ePM1 70%\" \/><\/p>\n","protected":false},"excerpt":{"rendered":"<p>\u00a0Zamiennik filtra ENSY\/MP165x370x94-F7 o podwy\u017cszonej skuteczno\u015bci ePM1 70%.\u00a0W rekuperatorze montowane s\u0105 2szt. filtr\u00f3w. Przed zam\u00f3wieniem prosz\u0119 o weryfikacj\u0119 wymiar\u00f3w filtr\u00f3w podanych w ofercie z wymiarami filtra rzeczywi\u015bcie zamontowanego w centrali. Filtr jest zamiennikiem, nazwy marek i urz\u0105dze\u0144 zosta\u0142y u\u017cyte w celu identyfikacji produktu.\u00a0 Poni\u017cej przedstawiamy sprzedawany produkt:<\/p>\n","protected":false},"featured_media":91588,"template":"","meta":[],"_links":{"self":[{"href":"https:\/\/profitstore.pl\/index.php\/wp-json\/wp\/v2\/product\/91587"}],"collection":[{"href":"https:\/\/profitstore.pl\/index.php\/wp-json\/wp\/v2\/product"}],"about":[{"href":"https:\/\/profitstore.pl\/index.php\/wp-json\/wp\/v2\/types\/product"}],"wp:featuredmedia":[{"embeddable":true,"href":"https:\/\/profitstore.pl\/index.php\/wp-json\/wp\/v2\/media\/91588"}],"wp:attachment":[{"href":"https:\/\/profitstore.pl\/index.php\/wp-json\/wp\/v2\/media?parent=91587"}],"curies":[{"name":"wp","href":"https:\/\/api.w.org\/{rel}","templated":true}]}}