{"id":883,"date":"2023-01-26T19:33:27","date_gmt":"2023-01-26T19:33:27","guid":{"rendered":"https:\/\/profitstore.pl\/index.php\/produkt\/import-placeholder-for-1266\/"},"modified":"2023-01-26T19:33:38","modified_gmt":"2023-01-26T19:33:38","slug":"fotel-gabinetowy-roadster","status":"publish","type":"product","link":"https:\/\/profitstore.pl\/index.php\/produkt\/fotel-gabinetowy-roadster\/","title":{"rendered":"Fotel gabinetowy ROADSTER"},"content":{"rendered":"<p><strong>ROADSTER\u00a0<\/strong>fotel gabinetowy czarno-bia\u0142o-czerwony<\/p>\n<p><span id=\"ctl00_ContentPlaceHolder1_Label4_\" class=\"tile-s-tekst-opis\" style=\"padding-right: 5px; font-variant-numeric: normal; font-variant-east-asian: normal; font-stretch: normal; font-size: 17.3333px; line-height: normal; font-family: 'Segoe UI';\">Opis produktu:<\/span><br style=\"color: #be0024; font-family: 'Segoe UI'; font-size: 17.3333px;\" \/><span id=\"ctl00_ContentPlaceHolder1_txtOpis\" style=\"color: #be0024; font-family: 'Segoe UI'; font-size: 11pt;\">mechanizm TILT, <\/span><\/p>\n<p><span id=\"ctl00_ContentPlaceHolder1_txtOpis\" style=\"color: #be0024; font-family: 'Segoe UI'; font-size: 11pt;\">wymiary: 62\/64\/111-121\/48-58 cm, <\/span><\/p>\n<p><span id=\"ctl00_ContentPlaceHolder1_txtOpis\" style=\"color: #be0024; font-family: 'Segoe UI'; font-size: 11pt;\">materia\u0142: eco sk\u00f3ra \/ eco sk\u00f3ra perforowana \/ tkanina membranowa, <\/span><\/p>\n<p><span id=\"ctl00_ContentPlaceHolder1_txtOpis\" style=\"color: #be0024; font-family: 'Segoe UI'; font-size: 11pt;\">kolor: czarno-bia\u0142o-czerwony<\/span><\/p>\n<p>\u00a0<\/p>\n<p><strong><span style=\"color: #be0024; font-family: 'Segoe UI'; font-size: 11pt;\">W celu z\u0142o\u017cenia zam\u00f3wienia prosz\u0119 pyta\u0107 o dost\u0119pno\u015b\u0107<\/span><\/strong><\/p>\n<p><img src=\"https:\/\/zamowienia.halmar.pl\/Upload\/d41d8cd98f00b204e9800998ecf8427e\/6154fa1640dc9c0e9f592fb4281a5b47.jpeg?131842801384422868\" alt=\"\" \/><\/p>\n","protected":false},"excerpt":{"rendered":"<p>ROADSTER\u00a0fotel gabinetowy czarno-bia\u0142o-czerwony Opis produktu:mechanizm TILT, wymiary: 62\/64\/111-121\/48-58 cm, materia\u0142: eco sk\u00f3ra \/ eco sk\u00f3ra perforowana \/ tkanina membranowa, kolor: czarno-bia\u0142o-czerwony \u00a0 W celu z\u0142o\u017cenia zam\u00f3wienia prosz\u0119 pyta\u0107 o dost\u0119pno\u015b\u0107<\/p>\n","protected":false},"featured_media":0,"template":"","meta":[],"_links":{"self":[{"href":"https:\/\/profitstore.pl\/index.php\/wp-json\/wp\/v2\/product\/883"}],"collection":[{"href":"https:\/\/profitstore.pl\/index.php\/wp-json\/wp\/v2\/product"}],"about":[{"href":"https:\/\/profitstore.pl\/index.php\/wp-json\/wp\/v2\/types\/product"}],"wp:attachment":[{"href":"https:\/\/profitstore.pl\/index.php\/wp-json\/wp\/v2\/media?parent=883"}],"curies":[{"name":"wp","href":"https:\/\/api.w.org\/{rel}","templated":true}]}}