{"id":878,"date":"2023-01-26T19:33:27","date_gmt":"2023-01-26T19:33:27","guid":{"rendered":"https:\/\/profitstore.pl\/index.php\/produkt\/import-placeholder-for-1261\/"},"modified":"2023-01-26T19:33:42","modified_gmt":"2023-01-26T19:33:42","slug":"fotel-gabinetowy-radix","status":"publish","type":"product","link":"https:\/\/profitstore.pl\/index.php\/produkt\/fotel-gabinetowy-radix\/","title":{"rendered":"Fotel gabinetowy RADIX"},"content":{"rendered":"<p><strong>RADIX\u00a0<\/strong>fotel gabinetowy dost\u0119pny w dw\u00f3ch kolorach<\/p>\n<p><span id=\"ctl00_ContentPlaceHolder1_Label4_\" class=\"tile-s-tekst-opis\" style=\"padding-right: 5px; font-variant-numeric: normal; font-variant-east-asian: normal; font-stretch: normal; font-size: 17.3333px; line-height: normal; font-family: 'Segoe UI';\">Opis produktu:<\/span><br style=\"color: #be0024; font-family: 'Segoe UI'; font-size: 17.3333px;\" \/><span id=\"ctl00_ContentPlaceHolder1_txtOpis\" style=\"color: #be0024; font-family: 'Segoe UI'; font-size: 11pt;\">mechanizm TILT,<\/span><\/p>\n<p><span id=\"ctl00_ContentPlaceHolder1_txtOpis\" style=\"color: #be0024; font-family: 'Segoe UI'; font-size: 11pt;\"> wymiary: 60\/49\/107-117\/44-54 cm, <\/span><\/p>\n<p><span id=\"ctl00_ContentPlaceHolder1_txtOpis\" style=\"color: #be0024; font-family: 'Segoe UI'; font-size: 11pt;\">materia\u0142: eco sk\u00f3ra,<\/span><\/p>\n<p><span id=\"ctl00_ContentPlaceHolder1_txtOpis\" style=\"color: #be0024; font-family: 'Segoe UI'; font-size: 11pt;\"> kolor: popielato-pomara\u0144czowy, popielato-zielony<\/span><\/p>\n<p>\u00a0<\/p>\n<p><strong><span style=\"color: #be0024; font-family: 'Segoe UI'; font-size: 11pt;\">W celu z\u0142o\u017cenia zam\u00f3wienia prosz\u0119 pyta\u0107 o dost\u0119pno\u015b\u0107<\/span><\/strong><\/p>\n<p><img src=\"https:\/\/zamowienia.halmar.pl\/Upload\/d41d8cd98f00b204e9800998ecf8427e\/616de47c58fc634ddf0734af6598f0cf.jpeg?131842784356360204\" alt=\"\" \/><img src=\"https:\/\/zamowienia.halmar.pl\/Upload\/d41d8cd98f00b204e9800998ecf8427e\/2160525b08b50a24794446344467fac3.jpeg?131842786035959259\" alt=\"\" \/><\/p>\n","protected":false},"excerpt":{"rendered":"<p>RADIX\u00a0fotel gabinetowy dost\u0119pny w dw\u00f3ch kolorach Opis produktu:mechanizm TILT, wymiary: 60\/49\/107-117\/44-54 cm, materia\u0142: eco sk\u00f3ra, kolor: popielato-pomara\u0144czowy, popielato-zielony \u00a0 W celu z\u0142o\u017cenia zam\u00f3wienia prosz\u0119 pyta\u0107 o dost\u0119pno\u015b\u0107<\/p>\n","protected":false},"featured_media":0,"template":"","meta":[],"_links":{"self":[{"href":"https:\/\/profitstore.pl\/index.php\/wp-json\/wp\/v2\/product\/878"}],"collection":[{"href":"https:\/\/profitstore.pl\/index.php\/wp-json\/wp\/v2\/product"}],"about":[{"href":"https:\/\/profitstore.pl\/index.php\/wp-json\/wp\/v2\/types\/product"}],"wp:attachment":[{"href":"https:\/\/profitstore.pl\/index.php\/wp-json\/wp\/v2\/media?parent=878"}],"curies":[{"name":"wp","href":"https:\/\/api.w.org\/{rel}","templated":true}]}}