{"id":877,"date":"2023-01-26T19:33:42","date_gmt":"2023-01-26T19:33:42","guid":{"rendered":"https:\/\/profitstore.pl\/index.php\/produkt\/import-placeholder-for-1260\/"},"modified":"2023-01-26T19:33:43","modified_gmt":"2023-01-26T19:33:43","slug":"fotel-gabinetowy-racer-2","status":"publish","type":"product","link":"https:\/\/profitstore.pl\/index.php\/produkt\/fotel-gabinetowy-racer-2\/","title":{"rendered":"Fotel gabinetowy RACER 2"},"content":{"rendered":"<p><strong>RACER 2\u00a0<\/strong>fotel gabinetowy czarno-czerwony<\/p>\n<p><span id=\"ctl00_ContentPlaceHolder1_Label4_\" class=\"tile-s-tekst-opis\" style=\"padding-right: 5px; font-variant-numeric: normal; font-variant-east-asian: normal; font-stretch: normal; font-size: 17.3333px; line-height: normal; font-family: 'Segoe UI';\">Opis produktu:<\/span><br style=\"color: #be0024; font-family: 'Segoe UI'; font-size: 17.3333px;\" \/><span id=\"ctl00_ContentPlaceHolder1_txtOpis\" style=\"color: #be0024; font-family: 'Segoe UI'; font-size: 11pt;\">mechanizm TILT ,<\/span><\/p>\n<p><span id=\"ctl00_ContentPlaceHolder1_txtOpis\" style=\"color: #be0024; font-family: 'Segoe UI'; font-size: 11pt;\"> wymiary: 63\/53\/111\u00f7119 cm,<\/span><\/p>\n<p><span id=\"ctl00_ContentPlaceHolder1_txtOpis\" style=\"color: #be0024; font-family: 'Segoe UI'; font-size: 11pt;\"> materia\u0142: eco sk\u00f3ra perforowana, <\/span><\/p>\n<p><span id=\"ctl00_ContentPlaceHolder1_txtOpis\" style=\"color: #be0024; font-family: 'Segoe UI'; font-size: 11pt;\">kolor: czarno-czerwony<\/span><\/p>\n<p>\u00a0<\/p>\n<p><strong><span style=\"color: #be0024; font-family: 'Segoe UI'; font-size: 11pt;\">W celu z\u0142o\u017cenia zam\u00f3wienia prosz\u0119 pyta\u0107 o dost\u0119pno\u015b\u0107<\/span><\/strong><\/p>\n<p><img src=\"https:\/\/zamowienia.halmar.pl\/Upload\/d41d8cd98f00b204e9800998ecf8427e\/f2516c79a5d3712b246b8f01f78f7ffb.jpeg?131842780998305022\" alt=\"\" \/><img src=\"https:\/\/zamowienia.halmar.pl\/Upload\/d41d8cd98f00b204e9800998ecf8427e\/28e59714d5d7c4573585031c26e70056.jpeg?131842780998461255\" alt=\"\" \/><\/p>\n","protected":false},"excerpt":{"rendered":"<p>RACER 2\u00a0fotel gabinetowy czarno-czerwony Opis produktu:mechanizm TILT , wymiary: 63\/53\/111\u00f7119 cm, materia\u0142: eco sk\u00f3ra perforowana, kolor: czarno-czerwony \u00a0 W celu z\u0142o\u017cenia zam\u00f3wienia prosz\u0119 pyta\u0107 o dost\u0119pno\u015b\u0107<\/p>\n","protected":false},"featured_media":0,"template":"","meta":[],"_links":{"self":[{"href":"https:\/\/profitstore.pl\/index.php\/wp-json\/wp\/v2\/product\/877"}],"collection":[{"href":"https:\/\/profitstore.pl\/index.php\/wp-json\/wp\/v2\/product"}],"about":[{"href":"https:\/\/profitstore.pl\/index.php\/wp-json\/wp\/v2\/types\/product"}],"wp:attachment":[{"href":"https:\/\/profitstore.pl\/index.php\/wp-json\/wp\/v2\/media?parent=877"}],"curies":[{"name":"wp","href":"https:\/\/api.w.org\/{rel}","templated":true}]}}