{"id":83096,"date":"2023-04-07T04:05:10","date_gmt":"2023-04-07T04:05:10","guid":{"rendered":"https:\/\/profitstore.pl\/?post_type=product&#038;p=83096"},"modified":"2023-04-07T04:05:10","modified_gmt":"2023-04-07T04:05:10","slug":"nasadka-podwyzszajaca-na-sedes-hi-loo-10-cm-z-klapa","status":"publish","type":"product","link":"https:\/\/profitstore.pl\/index.php\/produkt\/nasadka-podwyzszajaca-na-sedes-hi-loo-10-cm-z-klapa\/","title":{"rendered":"Nasadka podwy\u017cszaj\u0105ca na  sedes Hi-Loo 10 cm z klap\u0105"},"content":{"rendered":"","protected":false},"excerpt":{"rendered":"","protected":false},"featured_media":0,"template":"","meta":[],"_links":{"self":[{"href":"https:\/\/profitstore.pl\/index.php\/wp-json\/wp\/v2\/product\/83096"}],"collection":[{"href":"https:\/\/profitstore.pl\/index.php\/wp-json\/wp\/v2\/product"}],"about":[{"href":"https:\/\/profitstore.pl\/index.php\/wp-json\/wp\/v2\/types\/product"}],"wp:attachment":[{"href":"https:\/\/profitstore.pl\/index.php\/wp-json\/wp\/v2\/media?parent=83096"}],"curies":[{"name":"wp","href":"https:\/\/api.w.org\/{rel}","templated":true}]}}