{"id":757,"date":"2021-03-19T07:36:36","date_gmt":"2021-03-19T07:36:36","guid":{"rendered":"https:\/\/profitstore.pl\/index.php\/produkt\/import-placeholder-for-1198\/"},"modified":"2021-03-19T07:36:44","modified_gmt":"2021-03-19T07:36:44","slug":"fotel-bujany-max-2","status":"publish","type":"product","link":"https:\/\/profitstore.pl\/index.php\/produkt\/fotel-bujany-max-2\/","title":{"rendered":"Fotel bujany MAX 2"},"content":{"rendered":"<p><strong>MAX 2\u00a0<\/strong>pi\u0119kny fotel bujany orzech<\/p>\n<p><span id=\"ctl00_ContentPlaceHolder1_Label4_\" class=\"tile-s-tekst-opis\" style=\"padding-right: 5px; font-variant-numeric: normal; font-variant-east-asian: normal; font-stretch: normal; font-size: 17.3333px; line-height: normal; font-family: 'Segoe UI';\">Opis produktu:<\/span><br style=\"color: #be0024; font-family: 'Segoe UI'; font-size: 17.3333px;\" \/><span id=\"ctl00_ContentPlaceHolder1_txtOpis\" style=\"color: #be0024; font-family: 'Segoe UI'; font-size: 11pt;\">wymiary: 52\/90\/95 cm,<\/span><\/p>\n<p><span id=\"ctl00_ContentPlaceHolder1_txtOpis\" style=\"color: #be0024; font-family: 'Segoe UI'; font-size: 11pt;\"> materia\u0142: drewno gi\u0119te \/ tkanina, <\/span><\/p>\n<p><span id=\"ctl00_ContentPlaceHolder1_txtOpis\" style=\"color: #be0024; font-family: 'Segoe UI'; font-size: 11pt;\">kolor: orzech<\/span><\/p>\n<p>\u00a0<\/p>\n<p><strong><span style=\"color: #be0024; font-family: 'Segoe UI'; font-size: 11pt;\">W celu z\u0142o\u017cenia zam\u00f3wienia prosz\u0119 pyta\u0107 o dost\u0119pno\u015b\u0107<\/span><\/strong><\/p>\n<p><strong><img src=\"https:\/\/zamowienia.halmar.pl\/Upload\/d41d8cd98f00b204e9800998ecf8427e\/0c753aac833319bea3f40473a91e22b6.jpeg?131840716454392602\" alt=\"\" \/><\/strong><\/p>\n","protected":false},"excerpt":{"rendered":"<p>MAX 2\u00a0pi\u0119kny fotel bujany orzech Opis produktu:wymiary: 52\/90\/95 cm, materia\u0142: drewno gi\u0119te \/ tkanina, kolor: orzech \u00a0 W celu z\u0142o\u017cenia zam\u00f3wienia prosz\u0119 pyta\u0107 o dost\u0119pno\u015b\u0107<\/p>\n","protected":false},"featured_media":0,"template":"","meta":[],"_links":{"self":[{"href":"https:\/\/profitstore.pl\/index.php\/wp-json\/wp\/v2\/product\/757"}],"collection":[{"href":"https:\/\/profitstore.pl\/index.php\/wp-json\/wp\/v2\/product"}],"about":[{"href":"https:\/\/profitstore.pl\/index.php\/wp-json\/wp\/v2\/types\/product"}],"wp:attachment":[{"href":"https:\/\/profitstore.pl\/index.php\/wp-json\/wp\/v2\/media?parent=757"}],"curies":[{"name":"wp","href":"https:\/\/api.w.org\/{rel}","templated":true}]}}