{"id":65029,"date":"2026-04-30T17:13:03","date_gmt":"2026-04-30T17:13:03","guid":{"rendered":"https:\/\/profitstore.pl\/index.php\/produkt\/filtr-kieszeniowy-eu7-do-swegon-gold-475x405x520\/"},"modified":"2026-04-30T17:13:05","modified_gmt":"2026-04-30T17:13:05","slug":"filtr-kieszeniowy-eu7-do-swegon-gold-475x405x520","status":"publish","type":"product","link":"https:\/\/profitstore.pl\/index.php\/produkt\/filtr-kieszeniowy-eu7-do-swegon-gold-475x405x520\/","title":{"rendered":"Filtr kieszeniowy EU7 do SWEGON GOLD (475x405x520)"},"content":{"rendered":"<p>Filtr jest zamiennikiem. Nazwy marek i urz\u0105dze\u0144 zosta\u0142y u\u017cyte w celu identyfikacji produktu.<\/p>\n<p>Poni\u017cej przedstawiamy sprzedawany produkt:<\/p>\n<p><img src=\"https:\/\/pureventfilters.eu\/4450-large_default\/filtr-kieszeniowy-eu7-do-swegon-gold-475x405x520.jpg\" alt=\"Filtr kieszeniowy EU7 do SWEGON GOLD (475x405x520)\" \/><\/p>\n","protected":false},"excerpt":{"rendered":"<p>Filtr jest zamiennikiem. Nazwy marek i urz\u0105dze\u0144 zosta\u0142y u\u017cyte w celu identyfikacji produktu. Poni\u017cej przedstawiamy sprzedawany produkt:<\/p>\n","protected":false},"featured_media":65030,"template":"","meta":[],"_links":{"self":[{"href":"https:\/\/profitstore.pl\/index.php\/wp-json\/wp\/v2\/product\/65029"}],"collection":[{"href":"https:\/\/profitstore.pl\/index.php\/wp-json\/wp\/v2\/product"}],"about":[{"href":"https:\/\/profitstore.pl\/index.php\/wp-json\/wp\/v2\/types\/product"}],"wp:featuredmedia":[{"embeddable":true,"href":"https:\/\/profitstore.pl\/index.php\/wp-json\/wp\/v2\/media\/65030"}],"wp:attachment":[{"href":"https:\/\/profitstore.pl\/index.php\/wp-json\/wp\/v2\/media?parent=65029"}],"curies":[{"name":"wp","href":"https:\/\/api.w.org\/{rel}","templated":true}]}}