{"id":64960,"date":"2026-05-01T17:10:02","date_gmt":"2026-05-01T17:10:02","guid":{"rendered":"https:\/\/profitstore.pl\/index.php\/produkt\/filtr-eu4-do-vents-vut-550-vb-ec-630x198x40-coarse\/"},"modified":"2026-05-01T17:10:06","modified_gmt":"2026-05-01T17:10:06","slug":"filtr-eu4-do-vents-vut-550-vb-ec-630x198x40-coarse","status":"publish","type":"product","link":"https:\/\/profitstore.pl\/index.php\/produkt\/filtr-eu4-do-vents-vut-550-vb-ec-630x198x40-coarse\/","title":{"rendered":"Filtr EU4 do VENTS VUT 550 VB EC (630x198x40) Coarse"},"content":{"rendered":"<p>Filtr w klasie filtracji EU4 \/ G4 \/ Coarse pasuj\u0105cy do central\u00a0 VENTS VYT 550 VB EC A21 \u00a0i\u00a0 VENTS VUT 550 VB EC A14.\u00a0 Wykonany z materia\u0142u w\u0142\u00f3knina G4 Coarse termoutwardzalna, w ramce kartonowej.\u00a0 W centrali standardowo montowany jest zestaw filtr\u00f3w 1szt. F7 630x198x40mm + filtr G4 630x198x40mm.\u00a0 Filtr\u00a0jest zamiennikiem. Nazwy urz\u0105dze\u0144, cz\u0119\u015bci i marek zosta\u0142y u\u017cyte w celu identyfikacji produktu.<\/p>\n<p>Poni\u017cej przedstawiamy sprzedawany produkt:<\/p>\n<p><img src=\"https:\/\/pureventfilters.eu\/4398-large_default\/filtr-eu4-do-vents-vut-550-vb-ec-630x198x40-coarse.jpg\" alt=\"Filtr EU4 do VENTS VUT 550 VB EC (630x198x40) Coarse\" \/><\/p>\n","protected":false},"excerpt":{"rendered":"<p>Filtr w klasie filtracji EU4 \/ G4 \/ Coarse pasuj\u0105cy do central\u00a0 VENTS VYT 550 VB EC A21 \u00a0i\u00a0 VENTS VUT 550 VB EC A14.\u00a0 Wykonany z materia\u0142u w\u0142\u00f3knina G4 Coarse termoutwardzalna, w ramce kartonowej.\u00a0 W centrali standardowo montowany jest zestaw filtr\u00f3w 1szt. F7 630x198x40mm + filtr G4 630x198x40mm.\u00a0 Filtr\u00a0jest zamiennikiem. Nazwy urz\u0105dze\u0144, cz\u0119\u015bci i [&hellip;]<\/p>\n","protected":false},"featured_media":64961,"template":"","meta":[],"_links":{"self":[{"href":"https:\/\/profitstore.pl\/index.php\/wp-json\/wp\/v2\/product\/64960"}],"collection":[{"href":"https:\/\/profitstore.pl\/index.php\/wp-json\/wp\/v2\/product"}],"about":[{"href":"https:\/\/profitstore.pl\/index.php\/wp-json\/wp\/v2\/types\/product"}],"wp:featuredmedia":[{"embeddable":true,"href":"https:\/\/profitstore.pl\/index.php\/wp-json\/wp\/v2\/media\/64961"}],"wp:attachment":[{"href":"https:\/\/profitstore.pl\/index.php\/wp-json\/wp\/v2\/media?parent=64960"}],"curies":[{"name":"wp","href":"https:\/\/api.w.org\/{rel}","templated":true}]}}