{"id":64919,"date":"2026-05-01T17:09:54","date_gmt":"2026-05-01T17:09:54","guid":{"rendered":"https:\/\/profitstore.pl\/index.php\/produkt\/filtr-do-ventus-vs15s-compact-727x320x48\/"},"modified":"2026-05-01T17:09:55","modified_gmt":"2026-05-01T17:09:55","slug":"filtr-do-ventus-vs15s-compact-727x320x48","status":"publish","type":"product","link":"https:\/\/profitstore.pl\/index.php\/produkt\/filtr-do-ventus-vs15s-compact-727x320x48\/","title":{"rendered":"Filtr do VENTUS VS15s Compact (727x320x48)"},"content":{"rendered":"<p>Filtr\u00a0kasetowy klasy \u00a0M5 \/ EU5 lub F7 \/ EU7 \u00a0pasuj\u0105cy do centrali wentylacyjnej\u00a0 VENTUS VS15s 1600m3\/h Compact.\u00a0 Filtry s\u0105 zamiennikami, nazwy producent\u00f3w i marek zosta\u0142y u\u017cyte w celu identyfikacji produktu.<\/p>\n<p>Poni\u017cej przedstawiamy sprzedawany produkt:<\/p>\n<p><img src=\"https:\/\/pureventfilters.eu\/4256-large_default\/filtr-do-ventus-vs15s-compact-727x320x48.jpg\" alt=\"Filtr do VENTUS VS15s Compact (727x320x48)\" \/><\/p>\n","protected":false},"excerpt":{"rendered":"<p>Filtr\u00a0kasetowy klasy \u00a0M5 \/ EU5 lub F7 \/ EU7 \u00a0pasuj\u0105cy do centrali wentylacyjnej\u00a0 VENTUS VS15s 1600m3\/h Compact.\u00a0 Filtry s\u0105 zamiennikami, nazwy producent\u00f3w i marek zosta\u0142y u\u017cyte w celu identyfikacji produktu. Poni\u017cej przedstawiamy sprzedawany produkt:<\/p>\n","protected":false},"featured_media":64920,"template":"","meta":[],"_links":{"self":[{"href":"https:\/\/profitstore.pl\/index.php\/wp-json\/wp\/v2\/product\/64919"}],"collection":[{"href":"https:\/\/profitstore.pl\/index.php\/wp-json\/wp\/v2\/product"}],"about":[{"href":"https:\/\/profitstore.pl\/index.php\/wp-json\/wp\/v2\/types\/product"}],"wp:featuredmedia":[{"embeddable":true,"href":"https:\/\/profitstore.pl\/index.php\/wp-json\/wp\/v2\/media\/64920"}],"wp:attachment":[{"href":"https:\/\/profitstore.pl\/index.php\/wp-json\/wp\/v2\/media?parent=64919"}],"curies":[{"name":"wp","href":"https:\/\/api.w.org\/{rel}","templated":true}]}}