{"id":64916,"date":"2026-04-24T07:21:20","date_gmt":"2026-04-24T07:21:20","guid":{"rendered":"https:\/\/profitstore.pl\/index.php\/produkt\/filtr-eu4-do-thessla-green-airpack-300-400-341x196x50\/"},"modified":"2026-04-24T07:21:21","modified_gmt":"2026-04-24T07:21:21","slug":"filtr-eu4-do-thessla-green-airpack-300-400-341x196x50","status":"publish","type":"product","link":"https:\/\/profitstore.pl\/index.php\/produkt\/filtr-eu4-do-thessla-green-airpack-300-400-341x196x50\/","title":{"rendered":"Filtr EU4 do THESSLA GREEN AirPack 300 \/ 400 (341x196x50)"},"content":{"rendered":"<p>Filtr\u00a0 kasetowy \u00a0klasy\u00a0 F7\/EU7 \u00a0pasuj\u0105cych do central wentylacyjnych\u00a0 THESSLA GREEN AirPack 300 Air Pack 400 Filtry s\u0105 zamiennikami, nazwy producent\u00f3w i marek zosta\u0142y u\u017cyte w celu identyfikacji produktu.<\/p>\n<p>Poni\u017cej przedstawiamy sprzedawany produkt:<\/p>\n<p><img src=\"https:\/\/pureventfilters.eu\/4251-large_default\/filtr-eu4-do-thessla-green-airpack-300-400-341x196x50.jpg\" alt=\"Filtr EU4 do THESSLA GREEN AirPack 300 \/ 400 (341x196x50)\" \/><\/p>\n","protected":false},"excerpt":{"rendered":"<p>Filtr\u00a0 kasetowy \u00a0klasy\u00a0 F7\/EU7 \u00a0pasuj\u0105cych do central wentylacyjnych\u00a0 THESSLA GREEN AirPack 300 Air Pack 400 Filtry s\u0105 zamiennikami, nazwy producent\u00f3w i marek zosta\u0142y u\u017cyte w celu identyfikacji produktu. Poni\u017cej przedstawiamy sprzedawany produkt:<\/p>\n","protected":false},"featured_media":64917,"template":"","meta":[],"_links":{"self":[{"href":"https:\/\/profitstore.pl\/index.php\/wp-json\/wp\/v2\/product\/64916"}],"collection":[{"href":"https:\/\/profitstore.pl\/index.php\/wp-json\/wp\/v2\/product"}],"about":[{"href":"https:\/\/profitstore.pl\/index.php\/wp-json\/wp\/v2\/types\/product"}],"wp:featuredmedia":[{"embeddable":true,"href":"https:\/\/profitstore.pl\/index.php\/wp-json\/wp\/v2\/media\/64917"}],"wp:attachment":[{"href":"https:\/\/profitstore.pl\/index.php\/wp-json\/wp\/v2\/media?parent=64916"}],"curies":[{"name":"wp","href":"https:\/\/api.w.org\/{rel}","templated":true}]}}