{"id":64910,"date":"2026-04-21T17:15:30","date_gmt":"2026-04-21T17:15:30","guid":{"rendered":"https:\/\/profitstore.pl\/index.php\/produkt\/filtr-kieszeniowy-eu9-do-juwent-287x287x360\/"},"modified":"2026-04-21T17:15:32","modified_gmt":"2026-04-21T17:15:32","slug":"filtr-kieszeniowy-eu9-do-juwent-287x287x360","status":"publish","type":"product","link":"https:\/\/profitstore.pl\/index.php\/produkt\/filtr-kieszeniowy-eu9-do-juwent-287x287x360\/","title":{"rendered":"Filtr kieszeniowy EU9 do JUWENT (287x287x360)"},"content":{"rendered":"<p>Filtr kieszeniowy wymiarach\u00a0 287x287x360 mm pasuj\u0105cy do centrali\u00a0 JUWENT. Przed zakupem prosimy o weryfikacj\u0119 wymiar\u00f3w filtr\u00f3w podanych w ofercie z rzeczywistymi wymiarami filtr\u00f3w montowanych w centrali. Produkt jest zamiennikiem. Nazwy urz\u0105dze\u0144, cz\u0119\u015bci i marek zosta\u0142y u\u017cyte w celu identyfikacji produktu.<\/p>\n<p>Poni\u017cej przedstawiamy sprzedawany produkt:<\/p>\n<p><img src=\"https:\/\/pureventfilters.eu\/4238-large_default\/filtr-kieszeniowy-eu9-do-juwent-287x287x360.jpg\" alt=\"Filtr kieszeniowy EU9 do JUWENT (287x287x360)\" \/><\/p>\n","protected":false},"excerpt":{"rendered":"<p>Filtr kieszeniowy wymiarach\u00a0 287x287x360 mm pasuj\u0105cy do centrali\u00a0 JUWENT. Przed zakupem prosimy o weryfikacj\u0119 wymiar\u00f3w filtr\u00f3w podanych w ofercie z rzeczywistymi wymiarami filtr\u00f3w montowanych w centrali. Produkt jest zamiennikiem. Nazwy urz\u0105dze\u0144, cz\u0119\u015bci i marek zosta\u0142y u\u017cyte w celu identyfikacji produktu. Poni\u017cej przedstawiamy sprzedawany produkt:<\/p>\n","protected":false},"featured_media":64911,"template":"","meta":[],"_links":{"self":[{"href":"https:\/\/profitstore.pl\/index.php\/wp-json\/wp\/v2\/product\/64910"}],"collection":[{"href":"https:\/\/profitstore.pl\/index.php\/wp-json\/wp\/v2\/product"}],"about":[{"href":"https:\/\/profitstore.pl\/index.php\/wp-json\/wp\/v2\/types\/product"}],"wp:featuredmedia":[{"embeddable":true,"href":"https:\/\/profitstore.pl\/index.php\/wp-json\/wp\/v2\/media\/64911"}],"wp:attachment":[{"href":"https:\/\/profitstore.pl\/index.php\/wp-json\/wp\/v2\/media?parent=64910"}],"curies":[{"name":"wp","href":"https:\/\/api.w.org\/{rel}","templated":true}]}}