{"id":64814,"date":"2026-04-22T07:16:59","date_gmt":"2026-04-22T07:16:59","guid":{"rendered":"https:\/\/profitstore.pl\/index.php\/produkt\/filtr-kasetowy-eu5-do-vbw-375x330x50\/"},"modified":"2026-04-22T07:16:59","modified_gmt":"2026-04-22T07:16:59","slug":"filtr-kasetowy-eu5-do-vbw-375x330x50","status":"publish","type":"product","link":"https:\/\/profitstore.pl\/index.php\/produkt\/filtr-kasetowy-eu5-do-vbw-375x330x50\/","title":{"rendered":"Filtr kasetowy EU5 do VBW (375x330x50)"},"content":{"rendered":"<p>KLASA FILTRACJI:\u00a0M5 SZEROKO\u015a\u0106 (mm):\u00a0375 D\u0141UGO\u015a\u0106 (mm):\u00a0330 WYSOKO\u015a\u0106 (mm): 50 OBUDOWA: Rama ze stali ocynkowanej, w\u0142\u00f3knina zabezpieczona siatk\u0105 metalow\u0105 Filtr\u00a0jest zamiennikiem. Nazwy urz\u0105dze\u0144, cz\u0119\u015bci i marek zosta\u0142y u\u017cyte w celu identyfikacji produktu.<\/p>\n<p>Poni\u017cej przedstawiamy sprzedawany produkt:<\/p>\n<p><img src=\"https:\/\/pureventfilters.eu\/4180-large_default\/filtr-kasetowy-eu5-do-vbw-375x330x50.jpg\" alt=\"Filtr kasetowy EU5 do VBW (375x330x50)\" \/><\/p>\n","protected":false},"excerpt":{"rendered":"<p>KLASA FILTRACJI:\u00a0M5 SZEROKO\u015a\u0106 (mm):\u00a0375 D\u0141UGO\u015a\u0106 (mm):\u00a0330 WYSOKO\u015a\u0106 (mm): 50 OBUDOWA: Rama ze stali ocynkowanej, w\u0142\u00f3knina zabezpieczona siatk\u0105 metalow\u0105 Filtr\u00a0jest zamiennikiem. Nazwy urz\u0105dze\u0144, cz\u0119\u015bci i marek zosta\u0142y u\u017cyte w celu identyfikacji produktu. Poni\u017cej przedstawiamy sprzedawany produkt:<\/p>\n","protected":false},"featured_media":64815,"template":"","meta":[],"_links":{"self":[{"href":"https:\/\/profitstore.pl\/index.php\/wp-json\/wp\/v2\/product\/64814"}],"collection":[{"href":"https:\/\/profitstore.pl\/index.php\/wp-json\/wp\/v2\/product"}],"about":[{"href":"https:\/\/profitstore.pl\/index.php\/wp-json\/wp\/v2\/types\/product"}],"wp:featuredmedia":[{"embeddable":true,"href":"https:\/\/profitstore.pl\/index.php\/wp-json\/wp\/v2\/media\/64815"}],"wp:attachment":[{"href":"https:\/\/profitstore.pl\/index.php\/wp-json\/wp\/v2\/media?parent=64814"}],"curies":[{"name":"wp","href":"https:\/\/api.w.org\/{rel}","templated":true}]}}