{"id":64735,"date":"2026-04-19T07:16:49","date_gmt":"2026-04-19T07:16:49","guid":{"rendered":"https:\/\/profitstore.pl\/index.php\/produkt\/filtr-eu5-do-systemair-kk-kf-035-875x314x94\/"},"modified":"2026-04-19T07:16:49","modified_gmt":"2026-04-19T07:16:49","slug":"filtr-eu5-do-systemair-kk-kf-035-875x314x94","status":"publish","type":"product","link":"https:\/\/profitstore.pl\/index.php\/produkt\/filtr-eu5-do-systemair-kk-kf-035-875x314x94\/","title":{"rendered":"Filtr EU5 do SYSTEMAIR KK\/KF 035 (875x314x94)"},"content":{"rendered":"<p>Filtr kasetowy klasy F5\/EU5 pasuj\u0105cych do centrali wentylacyjnej\u00a0 SYSTEMAIR KK\/KF 035. Zamiennik filtra o kodzie\u00a0Cassettenfilter F5 , 303583 Filtry s\u0105 zamiennikami, nazwy producent\u00f3w i marek zosta\u0142y u\u017cyte w celu identyfikacji produktu.<\/p>\n<p>Poni\u017cej przedstawiamy sprzedawany produkt:<\/p>\n<p><img src=\"https:\/\/pureventfilters.eu\/4065-large_default\/filtr-eu5-do-systemair-kkkf-035-875x314x94.jpg\" alt=\"Filtr EU5 do SYSTEMAIR KK\/KF 035 (875x314x94)\" \/><\/p>\n","protected":false},"excerpt":{"rendered":"<p>Filtr kasetowy klasy F5\/EU5 pasuj\u0105cych do centrali wentylacyjnej\u00a0 SYSTEMAIR KK\/KF 035. Zamiennik filtra o kodzie\u00a0Cassettenfilter F5 , 303583 Filtry s\u0105 zamiennikami, nazwy producent\u00f3w i marek zosta\u0142y u\u017cyte w celu identyfikacji produktu. Poni\u017cej przedstawiamy sprzedawany produkt:<\/p>\n","protected":false},"featured_media":64736,"template":"","meta":[],"_links":{"self":[{"href":"https:\/\/profitstore.pl\/index.php\/wp-json\/wp\/v2\/product\/64735"}],"collection":[{"href":"https:\/\/profitstore.pl\/index.php\/wp-json\/wp\/v2\/product"}],"about":[{"href":"https:\/\/profitstore.pl\/index.php\/wp-json\/wp\/v2\/types\/product"}],"wp:featuredmedia":[{"embeddable":true,"href":"https:\/\/profitstore.pl\/index.php\/wp-json\/wp\/v2\/media\/64736"}],"wp:attachment":[{"href":"https:\/\/profitstore.pl\/index.php\/wp-json\/wp\/v2\/media?parent=64735"}],"curies":[{"name":"wp","href":"https:\/\/api.w.org\/{rel}","templated":true}]}}