{"id":64677,"date":"2026-04-19T17:10:45","date_gmt":"2026-04-19T17:10:45","guid":{"rendered":"https:\/\/profitstore.pl\/index.php\/produkt\/filtr-eu7-do-systemair-vr-700-e-dc-e-ec-kod-12450-bfvr-700-e\/"},"modified":"2026-04-19T17:10:45","modified_gmt":"2026-04-19T17:10:45","slug":"filtr-eu7-do-systemair-vr-700-e-dc-e-ec-kod-12450-bfvr-700-e","status":"publish","type":"product","link":"https:\/\/profitstore.pl\/index.php\/produkt\/filtr-eu7-do-systemair-vr-700-e-dc-e-ec-kod-12450-bfvr-700-e\/","title":{"rendered":"Filtr EU7 do SYSTEMAIR VR 700 E, DC, E\/EC kod 12450 BFVR 700 E"},"content":{"rendered":"<p>Filtr\u00a0 kieszeniowy \u00a0klasy F7 \/ EU7 \u00a0o wymiarach\u00a0 425x211x330 \u00a0mm pasuj\u0105cy do central SYSTEMAIR: VR 700 E VR 700 DC VR 700 E\/EC Filtry s\u0105 zamiennikami, nazwy producent\u00f3w i marek zosta\u0142y u\u017cyte w celu identyfikacji produktu.<\/p>\n<p>Poni\u017cej przedstawiamy sprzedawany produkt:<\/p>\n<p><img src=\"https:\/\/pureventfilters.eu\/4014-large_default\/filtr-eu7-do-systemair-vr-700-e-dc-eec-kod-12450-bfvr-700-e-425x211x330.jpg\" alt=\"Filtr EU7 do SYSTEMAIR VR 700 E, DC, E\/EC kod 12450 BFVR 700 E\" \/><\/p>\n","protected":false},"excerpt":{"rendered":"<p>Filtr\u00a0 kieszeniowy \u00a0klasy F7 \/ EU7 \u00a0o wymiarach\u00a0 425x211x330 \u00a0mm pasuj\u0105cy do central SYSTEMAIR: VR 700 E VR 700 DC VR 700 E\/EC Filtry s\u0105 zamiennikami, nazwy producent\u00f3w i marek zosta\u0142y u\u017cyte w celu identyfikacji produktu. Poni\u017cej przedstawiamy sprzedawany produkt:<\/p>\n","protected":false},"featured_media":64678,"template":"","meta":[],"_links":{"self":[{"href":"https:\/\/profitstore.pl\/index.php\/wp-json\/wp\/v2\/product\/64677"}],"collection":[{"href":"https:\/\/profitstore.pl\/index.php\/wp-json\/wp\/v2\/product"}],"about":[{"href":"https:\/\/profitstore.pl\/index.php\/wp-json\/wp\/v2\/types\/product"}],"wp:featuredmedia":[{"embeddable":true,"href":"https:\/\/profitstore.pl\/index.php\/wp-json\/wp\/v2\/media\/64678"}],"wp:attachment":[{"href":"https:\/\/profitstore.pl\/index.php\/wp-json\/wp\/v2\/media?parent=64677"}],"curies":[{"name":"wp","href":"https:\/\/api.w.org\/{rel}","templated":true}]}}