{"id":64381,"date":"2026-04-19T17:10:41","date_gmt":"2026-04-19T17:10:41","guid":{"rendered":"https:\/\/profitstore.pl\/index.php\/produkt\/filtr-eu3-do-systemair-vr-700-e-ev-dcv-dc-e-ec-kod-12430-bfvr\/"},"modified":"2026-04-19T17:10:41","modified_gmt":"2026-04-19T17:10:41","slug":"filtr-eu3-do-systemair-vr-700-e-ev-dcv-dc-e-ec-kod-12430-bfvr","status":"publish","type":"product","link":"https:\/\/profitstore.pl\/index.php\/produkt\/filtr-eu3-do-systemair-vr-700-e-ev-dcv-dc-e-ec-kod-12430-bfvr\/","title":{"rendered":"Filtr EU3 do SYSTEMAIR VR 700 E, EV, DCV, DC, E\/EC kod 12430 BFVR"},"content":{"rendered":"<p>Filtr\u00a0 kieszeniowy \u00a0klasy\u00a0 G3\/ EU3 \u00a0o wymiarach\u00a0 197x429x250 \u00a0mm pasuj\u0105cy do central SYSTEMAIR: VR 700 EV, DCV VR 700 E, DC, E\/EC Filtry s\u0105 zamiennikami, nazwy producent\u00f3w i marek zosta\u0142y u\u017cyte w celu identyfikacji produktu.<\/p>\n<p>Poni\u017cej przedstawiamy sprzedawany produkt:<\/p>\n<p><img src=\"https:\/\/pureventfilters.eu\/4253-large_default\/filtr-eu3-do-systemair-vr-700-e-ev-dcv-dc-eec-kod-12430-bfvr-700-197x429x250.jpg\" alt=\"Filtr EU3 do SYSTEMAIR VR 700 E, EV, DCV, DC, E\/EC kod 12430 BFVR\" \/><\/p>\n","protected":false},"excerpt":{"rendered":"<p>Filtr\u00a0 kieszeniowy \u00a0klasy\u00a0 G3\/ EU3 \u00a0o wymiarach\u00a0 197x429x250 \u00a0mm pasuj\u0105cy do central SYSTEMAIR: VR 700 EV, DCV VR 700 E, DC, E\/EC Filtry s\u0105 zamiennikami, nazwy producent\u00f3w i marek zosta\u0142y u\u017cyte w celu identyfikacji produktu. Poni\u017cej przedstawiamy sprzedawany produkt:<\/p>\n","protected":false},"featured_media":64655,"template":"","meta":[],"_links":{"self":[{"href":"https:\/\/profitstore.pl\/index.php\/wp-json\/wp\/v2\/product\/64381"}],"collection":[{"href":"https:\/\/profitstore.pl\/index.php\/wp-json\/wp\/v2\/product"}],"about":[{"href":"https:\/\/profitstore.pl\/index.php\/wp-json\/wp\/v2\/types\/product"}],"wp:featuredmedia":[{"embeddable":true,"href":"https:\/\/profitstore.pl\/index.php\/wp-json\/wp\/v2\/media\/64655"}],"wp:attachment":[{"href":"https:\/\/profitstore.pl\/index.php\/wp-json\/wp\/v2\/media?parent=64381"}],"curies":[{"name":"wp","href":"https:\/\/api.w.org\/{rel}","templated":true}]}}