{"id":64296,"date":"2026-04-20T07:20:44","date_gmt":"2026-04-20T07:20:44","guid":{"rendered":"https:\/\/profitstore.pl\/index.php\/produkt\/filtr-eu5-do-frapol-onyx-premium-1300-oraz-onyx-sky-3000-760x400x100\/"},"modified":"2026-04-20T07:20:45","modified_gmt":"2026-04-20T07:20:45","slug":"filtr-eu5-do-frapol-onyx-premium-1300-oraz-onyx-sky-3000-760x400x100","status":"publish","type":"product","link":"https:\/\/profitstore.pl\/index.php\/produkt\/filtr-eu5-do-frapol-onyx-premium-1300-oraz-onyx-sky-3000-760x400x100\/","title":{"rendered":"Filtr EU5 do FRAPOL ONYX PREMIUM 1300 oraz ONYX SKY 3000 (760x400x100)"},"content":{"rendered":"<p>Filtr kasetowy\u00a0klasy M5\/EU5\u00a0 o wymiarach 760x400x100 \u00a0pasuj\u0105cy do central wentylacyjnych\u00a0 FRAPOL\u00a0ONYX PREMIUM 1300 oraz ONYX SKY 3000 (1szt. NAWIEW + 1szt. WYWIEW). Maxymalnie co 3 miesi\u0105ce nale\u017cy dokona\u0107 okresowej inspekcji\/wymiany filtr\u00f3w. Zalecana jest wymiana filtr\u00f3w minimum co 3 miesi\u0105ce niezale\u017cnie od stanu zabrudzenia w celu utrzymania wysokiego komfortu powietrza \u015bwie\u017cego nawiewanego do pomieszcze\u0144 oraz zmniejszenia poboru energii elektrycznej przez wentylatory (zabrudzony filtr powoduje dodatkowe opory przep\u0142ywu).\u00a0 Filtry s\u0105 zamiennikami, nazwy producent\u00f3w i marek zosta\u0142y u\u017cyte w celu identyfikacji produktu.<\/p>\n<p>Poni\u017cej przedstawiamy sprzedawany produkt:<\/p>\n<p><img src=\"https:\/\/pureventfilters.eu\/4518-large_default\/filtr-eu5-frapol-onyx-premium-1300-onyx-sky-3000-760x400x100.jpg\" alt=\"Filtr EU5 do FRAPOL ONYX PREMIUM 1300 oraz ONYX SKY 3000 (760x400x100)\" \/><\/p>\n","protected":false},"excerpt":{"rendered":"<p>Filtr kasetowy\u00a0klasy M5\/EU5\u00a0 o wymiarach 760x400x100 \u00a0pasuj\u0105cy do central wentylacyjnych\u00a0 FRAPOL\u00a0ONYX PREMIUM 1300 oraz ONYX SKY 3000 (1szt. NAWIEW + 1szt. WYWIEW). Maxymalnie co 3 miesi\u0105ce nale\u017cy dokona\u0107 okresowej inspekcji\/wymiany filtr\u00f3w. Zalecana jest wymiana filtr\u00f3w minimum co 3 miesi\u0105ce niezale\u017cnie od stanu zabrudzenia w celu utrzymania wysokiego komfortu powietrza \u015bwie\u017cego nawiewanego do pomieszcze\u0144 oraz zmniejszenia [&hellip;]<\/p>\n","protected":false},"featured_media":111385,"template":"","meta":[],"_links":{"self":[{"href":"https:\/\/profitstore.pl\/index.php\/wp-json\/wp\/v2\/product\/64296"}],"collection":[{"href":"https:\/\/profitstore.pl\/index.php\/wp-json\/wp\/v2\/product"}],"about":[{"href":"https:\/\/profitstore.pl\/index.php\/wp-json\/wp\/v2\/types\/product"}],"wp:featuredmedia":[{"embeddable":true,"href":"https:\/\/profitstore.pl\/index.php\/wp-json\/wp\/v2\/media\/111385"}],"wp:attachment":[{"href":"https:\/\/profitstore.pl\/index.php\/wp-json\/wp\/v2\/media?parent=64296"}],"curies":[{"name":"wp","href":"https:\/\/api.w.org\/{rel}","templated":true}]}}