{"id":64205,"date":"2026-04-22T17:09:27","date_gmt":"2026-04-22T17:09:27","guid":{"rendered":"https:\/\/profitstore.pl\/index.php\/produkt\/wklad-do-filtra-eu7-zehnder-comfoair-q350-q450-q600-500x160x22\/"},"modified":"2026-04-22T17:09:28","modified_gmt":"2026-04-22T17:09:28","slug":"wklad-do-filtra-eu7-zehnder-comfoair-q350-q450-q600-500x160x22","status":"publish","type":"product","link":"https:\/\/profitstore.pl\/index.php\/produkt\/wklad-do-filtra-eu7-zehnder-comfoair-q350-q450-q600-500x160x22\/","title":{"rendered":"Wk\u0142ad do filtra EU7 ZEHNDER ComfoAir Q350 Q450 Q600 (500x160x22)"},"content":{"rendered":"<p>Wk\u0142ad do filtra kasetowego\u00a0 klasy F7\/EU7 \u00a0pasuj\u0105cych do filtra w ramie metalowej do centrali wentylacyjnej\u00a0 ZEHNDER : ComfoAir Q350 ComfoAir Q450 ComfoAir Q600 Filtry i wk\u0142ady s\u0105 zamiennikami, nazwy producent\u00f3w i marek zosta\u0142y u\u017cyte w celu identyfikacji produktu.<\/p>\n<p>Poni\u017cej przedstawiamy sprzedawany produkt:<\/p>\n<p><img src=\"https:\/\/pureventfilters.eu\/3243-large_default\/wklad-do-filtra-eu7-zehnder-comfoair-q350-q450-q600-500x160x22.jpg\" alt=\"Wk\u0142ad do filtra EU7 ZEHNDER ComfoAir Q350 Q450 Q600 (500x160x22)\" \/><\/p>\n","protected":false},"excerpt":{"rendered":"<p>Wk\u0142ad do filtra kasetowego\u00a0 klasy F7\/EU7 \u00a0pasuj\u0105cych do filtra w ramie metalowej do centrali wentylacyjnej\u00a0 ZEHNDER : ComfoAir Q350 ComfoAir Q450 ComfoAir Q600 Filtry i wk\u0142ady s\u0105 zamiennikami, nazwy producent\u00f3w i marek zosta\u0142y u\u017cyte w celu identyfikacji produktu. Poni\u017cej przedstawiamy sprzedawany produkt:<\/p>\n","protected":false},"featured_media":29034,"template":"","meta":[],"_links":{"self":[{"href":"https:\/\/profitstore.pl\/index.php\/wp-json\/wp\/v2\/product\/64205"}],"collection":[{"href":"https:\/\/profitstore.pl\/index.php\/wp-json\/wp\/v2\/product"}],"about":[{"href":"https:\/\/profitstore.pl\/index.php\/wp-json\/wp\/v2\/types\/product"}],"wp:featuredmedia":[{"embeddable":true,"href":"https:\/\/profitstore.pl\/index.php\/wp-json\/wp\/v2\/media\/29034"}],"wp:attachment":[{"href":"https:\/\/profitstore.pl\/index.php\/wp-json\/wp\/v2\/media?parent=64205"}],"curies":[{"name":"wp","href":"https:\/\/api.w.org\/{rel}","templated":true}]}}