{"id":64130,"date":"2026-04-23T17:07:26","date_gmt":"2026-04-23T17:07:26","guid":{"rendered":"https:\/\/profitstore.pl\/index.php\/produkt\/wklad-filtra-eu7-do-rekuperatora-nikol-450-529x498x25\/"},"modified":"2026-04-23T17:07:27","modified_gmt":"2026-04-23T17:07:27","slug":"wklad-filtra-eu7-do-rekuperatora-nikol-450-529x498x25","status":"publish","type":"product","link":"https:\/\/profitstore.pl\/index.php\/produkt\/wklad-filtra-eu7-do-rekuperatora-nikol-450-529x498x25\/","title":{"rendered":"Wk\u0142ad filtra EU7 do rekuperatora NIKOL 450 (529x498x25)"},"content":{"rendered":"<p>Specyfikacja: Cena wy\u015bwietlana dotyczy 1 szt.\u00a0wk\u0142adu w wybranej klasie filtracji Wymiar wk\u0142adu:\u00a0 592x498x22\u00a0 mm Klasa filtracji: EU7 \/ F7 Materia\u0142:\u00a0 mata plisowana MiniPleat Filtr kasetowy pasuj\u0105cy do rekuperatora NIKOL 450.\u00a0 Filtr\u00a0jest zamiennikiem. Nazwy urz\u0105dze\u0144, cz\u0119\u015bci i marek zosta\u0142y u\u017cyte w celu identyfikacji produktu. W celu upewnienia si\u0119, \u017ce filtr pasuje do Pa\u0144stwa urz\u0105dzenia nale\u017cy zweryfikowa\u0107 wymiar filtra oraz klas\u0119 filtracji.\u00a0<\/p>\n<p>Poni\u017cej przedstawiamy sprzedawany produkt:<\/p>\n<p><img src=\"https:\/\/pureventfilters.eu\/3081-large_default\/wklad-filtra-eu7-do-rekuperatora-nikol-450-529x498x25.jpg\" alt=\"Wk\u0142ad filtra EU7 do rekuperatora NIKOL 450 (529x498x25)\" \/><\/p>\n","protected":false},"excerpt":{"rendered":"<p>Specyfikacja: Cena wy\u015bwietlana dotyczy 1 szt.\u00a0wk\u0142adu w wybranej klasie filtracji Wymiar wk\u0142adu:\u00a0 592x498x22\u00a0 mm Klasa filtracji: EU7 \/ F7 Materia\u0142:\u00a0 mata plisowana MiniPleat Filtr kasetowy pasuj\u0105cy do rekuperatora NIKOL 450.\u00a0 Filtr\u00a0jest zamiennikiem. Nazwy urz\u0105dze\u0144, cz\u0119\u015bci i marek zosta\u0142y u\u017cyte w celu identyfikacji produktu. W celu upewnienia si\u0119, \u017ce filtr pasuje do Pa\u0144stwa urz\u0105dzenia nale\u017cy zweryfikowa\u0107 [&hellip;]<\/p>\n","protected":false},"featured_media":28974,"template":"","meta":[],"_links":{"self":[{"href":"https:\/\/profitstore.pl\/index.php\/wp-json\/wp\/v2\/product\/64130"}],"collection":[{"href":"https:\/\/profitstore.pl\/index.php\/wp-json\/wp\/v2\/product"}],"about":[{"href":"https:\/\/profitstore.pl\/index.php\/wp-json\/wp\/v2\/types\/product"}],"wp:featuredmedia":[{"embeddable":true,"href":"https:\/\/profitstore.pl\/index.php\/wp-json\/wp\/v2\/media\/28974"}],"wp:attachment":[{"href":"https:\/\/profitstore.pl\/index.php\/wp-json\/wp\/v2\/media?parent=64130"}],"curies":[{"name":"wp","href":"https:\/\/api.w.org\/{rel}","templated":true}]}}