{"id":64096,"date":"2026-04-24T17:07:09","date_gmt":"2026-04-24T17:07:09","guid":{"rendered":"https:\/\/profitstore.pl\/index.php\/produkt\/filtr-dokladny-eu7-do-juwent-optimax-10-695x300x360\/"},"modified":"2026-04-24T17:07:10","modified_gmt":"2026-04-24T17:07:10","slug":"filtr-dokladny-eu7-do-juwent-optimax-10-695x300x360","status":"publish","type":"product","link":"https:\/\/profitstore.pl\/index.php\/produkt\/filtr-dokladny-eu7-do-juwent-optimax-10-695x300x360\/","title":{"rendered":"Filtr dok\u0142adny EU7 do JUWENT OptiMax-10 (695x300x360)"},"content":{"rendered":"<p>Filtr\u00a0 kieszeniowy dok\u0142adny \u00a0klasy F7 \/EU7 \u00a0pasuj\u0105cych do central wentylacyjnych\u00a0 JUWENT OPTIMAX-10.\u00a0 W centrali wg karty katalogowej montowanych jest 2szt. filtr\u00f3w wst\u0119pnych M5 695x300x48 oraz 1szt. filtra kieszeniowego F7 695x300x360 . Filtry s\u0105 zamiennikami, nazwy producent\u00f3w i marek zosta\u0142y u\u017cyte w celu identyfikacji produktu.<\/p>\n<p>Poni\u017cej przedstawiamy sprzedawany produkt:<\/p>\n<p><img src=\"https:\/\/pureventfilters.eu\/2990-large_default\/filtr-dokladny-eu7-do-juwent-optimax-10-695x300x360.jpg\" alt=\"Filtr dok\u0142adny EU7 do JUWENT OptiMax-10 (695x300x360)\" \/><\/p>\n","protected":false},"excerpt":{"rendered":"<p>Filtr\u00a0 kieszeniowy dok\u0142adny \u00a0klasy F7 \/EU7 \u00a0pasuj\u0105cych do central wentylacyjnych\u00a0 JUWENT OPTIMAX-10.\u00a0 W centrali wg karty katalogowej montowanych jest 2szt. filtr\u00f3w wst\u0119pnych M5 695x300x48 oraz 1szt. filtra kieszeniowego F7 695x300x360 . Filtry s\u0105 zamiennikami, nazwy producent\u00f3w i marek zosta\u0142y u\u017cyte w celu identyfikacji produktu. Poni\u017cej przedstawiamy sprzedawany produkt:<\/p>\n","protected":false},"featured_media":28945,"template":"","meta":[],"_links":{"self":[{"href":"https:\/\/profitstore.pl\/index.php\/wp-json\/wp\/v2\/product\/64096"}],"collection":[{"href":"https:\/\/profitstore.pl\/index.php\/wp-json\/wp\/v2\/product"}],"about":[{"href":"https:\/\/profitstore.pl\/index.php\/wp-json\/wp\/v2\/types\/product"}],"wp:featuredmedia":[{"embeddable":true,"href":"https:\/\/profitstore.pl\/index.php\/wp-json\/wp\/v2\/media\/28945"}],"wp:attachment":[{"href":"https:\/\/profitstore.pl\/index.php\/wp-json\/wp\/v2\/media?parent=64096"}],"curies":[{"name":"wp","href":"https:\/\/api.w.org\/{rel}","templated":true}]}}