{"id":64054,"date":"2026-04-25T07:10:15","date_gmt":"2026-04-25T07:10:15","guid":{"rendered":"https:\/\/profitstore.pl\/index.php\/produkt\/filtr-eu5-do-komfovent-verso-cf-3500-u-h-v-525x510x46\/"},"modified":"2026-04-25T07:10:17","modified_gmt":"2026-04-25T07:10:17","slug":"filtr-eu5-do-komfovent-verso-cf-3500-u-h-v-525x510x46","status":"publish","type":"product","link":"https:\/\/profitstore.pl\/index.php\/produkt\/filtr-eu5-do-komfovent-verso-cf-3500-u-h-v-525x510x46\/","title":{"rendered":"Filtr EU5 do KOMFOVENT VERSO CF 3500 U\/H\/V (525\u00d7510\u00d746)"},"content":{"rendered":"<p>Filtr kasetowy klasy \u00a0EU5\/M5 \u00a0pasuj\u0105cy do centrali wentylacyjnej\u00a0 KOMFOVENT : VERSO CF 3500 U VERSO\u00a0CF\u00a03500\u00a0H VERSO\u00a0CF\u00a03500 V Filtry s\u0105 zamiennikami, nazwy producent\u00f3w i marek zosta\u0142y u\u017cyte w celu identyfikacji produktu. Prowadzimy sprzeda\u017c filtr\u00f3w w kasecie metalowej gdzie zalet\u0105 takiego rozwi\u0105zania jest mo\u017cliwo\u015b\u0107 samodzielnej wymiany wk\u0142adu filtracyjnego, oraz obni\u017cenie koszt\u00f3w eksploatacji. Wk\u0142ady dost\u0119pne w atrakcyjnych cenach.<\/p>\n<p>Poni\u017cej przedstawiamy sprzedawany produkt:<\/p>\n<p><img src=\"https:\/\/pureventfilters.eu\/4719-large_default\/filtr-eu5-do-komfovent-verso-cf-3500-uhv-52551046.jpg\" alt=\"Filtr EU5 do KOMFOVENT VERSO CF 3500 U\/H\/V (525\u00d7510\u00d746)\" \/><\/p>\n","protected":false},"excerpt":{"rendered":"<p>Filtr kasetowy klasy \u00a0EU5\/M5 \u00a0pasuj\u0105cy do centrali wentylacyjnej\u00a0 KOMFOVENT : VERSO CF 3500 U VERSO\u00a0CF\u00a03500\u00a0H VERSO\u00a0CF\u00a03500 V Filtry s\u0105 zamiennikami, nazwy producent\u00f3w i marek zosta\u0142y u\u017cyte w celu identyfikacji produktu. Prowadzimy sprzeda\u017c filtr\u00f3w w kasecie metalowej gdzie zalet\u0105 takiego rozwi\u0105zania jest mo\u017cliwo\u015b\u0107 samodzielnej wymiany wk\u0142adu filtracyjnego, oraz obni\u017cenie koszt\u00f3w eksploatacji. Wk\u0142ady dost\u0119pne w atrakcyjnych cenach. [&hellip;]<\/p>\n","protected":false},"featured_media":59055,"template":"","meta":[],"_links":{"self":[{"href":"https:\/\/profitstore.pl\/index.php\/wp-json\/wp\/v2\/product\/64054"}],"collection":[{"href":"https:\/\/profitstore.pl\/index.php\/wp-json\/wp\/v2\/product"}],"about":[{"href":"https:\/\/profitstore.pl\/index.php\/wp-json\/wp\/v2\/types\/product"}],"wp:featuredmedia":[{"embeddable":true,"href":"https:\/\/profitstore.pl\/index.php\/wp-json\/wp\/v2\/media\/59055"}],"wp:attachment":[{"href":"https:\/\/profitstore.pl\/index.php\/wp-json\/wp\/v2\/media?parent=64054"}],"curies":[{"name":"wp","href":"https:\/\/api.w.org\/{rel}","templated":true}]}}