{"id":63993,"date":"2026-04-21T17:09:23","date_gmt":"2026-04-21T17:09:23","guid":{"rendered":"https:\/\/profitstore.pl\/index.php\/produkt\/filtr-eu5-do-salda-ris-1000-v-ris-1500-v-540x345x400\/"},"modified":"2026-04-21T17:09:25","modified_gmt":"2026-04-21T17:09:25","slug":"filtr-eu5-do-salda-ris-1000-v-ris-1500-v-540x345x400","status":"publish","type":"product","link":"https:\/\/profitstore.pl\/index.php\/produkt\/filtr-eu5-do-salda-ris-1000-v-ris-1500-v-540x345x400\/","title":{"rendered":"Filtr EU5 do SALDA RIS 1000 V \/ RIS 1500 V (540x345x400)"},"content":{"rendered":"<p>Cena dotyczy 1szt. filtra.\u00a0Filtr kieszeniowy klasy\u00a0 M5\/EU5 \u00a0o wymiarach\u00a0 540x345x400 \u00a0 mm do centrali\u00a0 SALDA RIS 1500 V oraz SALDA RIS 1000 V Wed\u0142ug karty katalogowej\u00a0standardowo montowany zestaw filtr\u00f3w to\u00a0 2\u00a0szt. filtra EU5 540x345x400 mm. Przed zakupem prosimy o weryfikacj\u0119 wymiar\u00f3w filtr\u00f3w podanych w ofercie z rzeczywistymi wymiarami filtr\u00f3w montowanych w centrali. Produkt jest zamiennikiem. Nazwy urz\u0105dze\u0144, cz\u0119\u015bci i marek zosta\u0142y u\u017cyte w celu identyfikacji produktu.<\/p>\n<p>Poni\u017cej przedstawiamy sprzedawany produkt:<\/p>\n<p><img src=\"https:\/\/pureventfilters.eu\/3896-large_default\/filtr-eu5-do-salda-ris-1000-v-ris-1500-v-540x345x400.jpg\" alt=\"Filtr EU5 do SALDA RIS 1000 V \/ RIS 1500 V (540x345x400)\" \/><\/p>\n","protected":false},"excerpt":{"rendered":"<p>Cena dotyczy 1szt. filtra.\u00a0Filtr kieszeniowy klasy\u00a0 M5\/EU5 \u00a0o wymiarach\u00a0 540x345x400 \u00a0 mm do centrali\u00a0 SALDA RIS 1500 V oraz SALDA RIS 1000 V Wed\u0142ug karty katalogowej\u00a0standardowo montowany zestaw filtr\u00f3w to\u00a0 2\u00a0szt. filtra EU5 540x345x400 mm. Przed zakupem prosimy o weryfikacj\u0119 wymiar\u00f3w filtr\u00f3w podanych w ofercie z rzeczywistymi wymiarami filtr\u00f3w montowanych w centrali. Produkt jest zamiennikiem. [&hellip;]<\/p>\n","protected":false},"featured_media":63994,"template":"","meta":[],"_links":{"self":[{"href":"https:\/\/profitstore.pl\/index.php\/wp-json\/wp\/v2\/product\/63993"}],"collection":[{"href":"https:\/\/profitstore.pl\/index.php\/wp-json\/wp\/v2\/product"}],"about":[{"href":"https:\/\/profitstore.pl\/index.php\/wp-json\/wp\/v2\/types\/product"}],"wp:featuredmedia":[{"embeddable":true,"href":"https:\/\/profitstore.pl\/index.php\/wp-json\/wp\/v2\/media\/63994"}],"wp:attachment":[{"href":"https:\/\/profitstore.pl\/index.php\/wp-json\/wp\/v2\/media?parent=63993"}],"curies":[{"name":"wp","href":"https:\/\/api.w.org\/{rel}","templated":true}]}}