{"id":63581,"date":"2026-04-19T07:04:11","date_gmt":"2026-04-19T07:04:11","guid":{"rendered":"https:\/\/profitstore.pl\/index.php\/produkt\/filtr-eu7-do-komfovent-verso-cf-1000f-1300f-1500f-550x420x46\/"},"modified":"2026-04-19T07:04:13","modified_gmt":"2026-04-19T07:04:13","slug":"filtr-eu7-do-komfovent-verso-cf-1000f-1300f-1500f-550x420x46","status":"publish","type":"product","link":"https:\/\/profitstore.pl\/index.php\/produkt\/filtr-eu7-do-komfovent-verso-cf-1000f-1300f-1500f-550x420x46\/","title":{"rendered":"Filtr EU7 do KOMFOVENT VERSO CF 1000F \/ 1300F \/1500F (550x420x46)"},"content":{"rendered":"<p>Filtr kasetowy \u00a0klasy \u00a0F7\/EU7 \u00a0 pasuj\u0105cy do nast\u0119puj\u0105cych typ\u00f3w centrali KOMFOVENT:\u00a0 VERSO CF 1000 F VERSO CF 1300 F VERSO CF 1500 F Filtr kasetowy Wymiary: 550x420x46 Klasa filtracji wg EN 779:2012 : F7 Wk\u0142ad filtra: mata plisowana MiniPleat Prowadzimy sprzeda\u017c filtr\u00f3w w kasecie metalowej gdzie zalet\u0105 takiego rozwi\u0105zania jest mo\u017cliwo\u015b\u0107 samodzielnej wymiany wk\u0142adu filtracyjnego, oraz obni\u017cenie koszt\u00f3w eksploatacji. Wk\u0142ady dost\u0119pne w atrakcyjnych cenach. Filtr\u00a0jest zamiennikiem. Nazwy urz\u0105dze\u0144, cz\u0119\u015bci i marek zosta\u0142y u\u017cyte w celu identyfikacji produktu.<\/p>\n<p>Poni\u017cej przedstawiamy sprzedawany produkt:<\/p>\n<p><img src=\"https:\/\/pureventfilters.eu\/4589-large_default\/filtr-eu7-do-komfovent-verso-cf-1000f-1300f-1500f-550x420x46.jpg\" alt=\"Filtr EU7 do KOMFOVENT VERSO CF 1000F \/ 1300F \/1500F (550x420x46)\" \/><\/p>\n","protected":false},"excerpt":{"rendered":"<p>Filtr kasetowy \u00a0klasy \u00a0F7\/EU7 \u00a0 pasuj\u0105cy do nast\u0119puj\u0105cych typ\u00f3w centrali KOMFOVENT:\u00a0 VERSO CF 1000 F VERSO CF 1300 F VERSO CF 1500 F Filtr kasetowy Wymiary: 550x420x46 Klasa filtracji wg EN 779:2012 : F7 Wk\u0142ad filtra: mata plisowana MiniPleat Prowadzimy sprzeda\u017c filtr\u00f3w w kasecie metalowej gdzie zalet\u0105 takiego rozwi\u0105zania jest mo\u017cliwo\u015b\u0107 samodzielnej wymiany wk\u0142adu filtracyjnego, [&hellip;]<\/p>\n","protected":false},"featured_media":58659,"template":"","meta":[],"_links":{"self":[{"href":"https:\/\/profitstore.pl\/index.php\/wp-json\/wp\/v2\/product\/63581"}],"collection":[{"href":"https:\/\/profitstore.pl\/index.php\/wp-json\/wp\/v2\/product"}],"about":[{"href":"https:\/\/profitstore.pl\/index.php\/wp-json\/wp\/v2\/types\/product"}],"wp:featuredmedia":[{"embeddable":true,"href":"https:\/\/profitstore.pl\/index.php\/wp-json\/wp\/v2\/media\/58659"}],"wp:attachment":[{"href":"https:\/\/profitstore.pl\/index.php\/wp-json\/wp\/v2\/media?parent=63581"}],"curies":[{"name":"wp","href":"https:\/\/api.w.org\/{rel}","templated":true}]}}