{"id":63479,"date":"2026-04-27T07:07:21","date_gmt":"2026-04-27T07:07:21","guid":{"rendered":"https:\/\/profitstore.pl\/index.php\/produkt\/filtr-eu4-do-systemair-dv20-dv60-dv80-495x495x44\/"},"modified":"2026-04-27T07:07:24","modified_gmt":"2026-04-27T07:07:24","slug":"filtr-eu4-do-systemair-dv20-dv60-dv80-495x495x44","status":"publish","type":"product","link":"https:\/\/profitstore.pl\/index.php\/produkt\/filtr-eu4-do-systemair-dv20-dv60-dv80-495x495x44\/","title":{"rendered":"Filtr EU4 do SystemAir DV20, DV60, DV80 (495x495x44 )"},"content":{"rendered":"<p>Filtr kasetowy klasy G4\/EU4 pasuj\u0105cych do centrali wentylacyjnej\u00a0SystemAir DV20\u00a0 SystemAir DV20 filtry: 1x(241x495x44) + 1x(495x495x44) + 1x(391x495x44) SystemAir DV60\u00a0filtry: 8x(495x495x44) SystemAir DV80\u00a0filtry: 4x(495x495x44) +\u00a0 4x(495x597x44) Filtr\u00a0jest zamiennikiem. Nazwy urz\u0105dze\u0144, cz\u0119\u015bci i marek zosta\u0142y u\u017cyte w celu identyfikacji produktu.<\/p>\n<p>Poni\u017cej przedstawiamy sprzedawany produkt:<\/p>\n<p><img src=\"https:\/\/pureventfilters.eu\/1616-large_default\/filtr-eu4-do-systemair-dv20-dv60-dv80-495x495x44-.jpg\" alt=\"Filtr EU4 do SystemAir DV20, DV60, DV80 (495x495x44 )\" \/><\/p>\n","protected":false},"excerpt":{"rendered":"<p>Filtr kasetowy klasy G4\/EU4 pasuj\u0105cych do centrali wentylacyjnej\u00a0SystemAir DV20\u00a0 SystemAir DV20 filtry: 1x(241x495x44) + 1x(495x495x44) + 1x(391x495x44) SystemAir DV60\u00a0filtry: 8x(495x495x44) SystemAir DV80\u00a0filtry: 4x(495x495x44) +\u00a0 4x(495x597x44) Filtr\u00a0jest zamiennikiem. Nazwy urz\u0105dze\u0144, cz\u0119\u015bci i marek zosta\u0142y u\u017cyte w celu identyfikacji produktu. Poni\u017cej przedstawiamy sprzedawany produkt:<\/p>\n","protected":false},"featured_media":28466,"template":"","meta":[],"_links":{"self":[{"href":"https:\/\/profitstore.pl\/index.php\/wp-json\/wp\/v2\/product\/63479"}],"collection":[{"href":"https:\/\/profitstore.pl\/index.php\/wp-json\/wp\/v2\/product"}],"about":[{"href":"https:\/\/profitstore.pl\/index.php\/wp-json\/wp\/v2\/types\/product"}],"wp:featuredmedia":[{"embeddable":true,"href":"https:\/\/profitstore.pl\/index.php\/wp-json\/wp\/v2\/media\/28466"}],"wp:attachment":[{"href":"https:\/\/profitstore.pl\/index.php\/wp-json\/wp\/v2\/media?parent=63479"}],"curies":[{"name":"wp","href":"https:\/\/api.w.org\/{rel}","templated":true}]}}