{"id":63297,"date":"2023-07-05T17:01:39","date_gmt":"2023-07-05T17:01:39","guid":{"rendered":"https:\/\/profitstore.pl\/index.php\/produkt\/wklady-eu5-do-filtra-domekt-r-700-f-320x360x44\/"},"modified":"2023-07-05T17:01:40","modified_gmt":"2023-07-05T17:01:40","slug":"wklady-eu5-do-filtra-domekt-r-700-f-320x360x44","status":"publish","type":"product","link":"https:\/\/profitstore.pl\/index.php\/produkt\/wklady-eu5-do-filtra-domekt-r-700-f-320x360x44\/","title":{"rendered":"Wk\u0142ady EU5 do filtra DOMEKT R 700 F (320x360x44)"},"content":{"rendered":"<p>Wk\u0142ady do filtr\u00f3w kasetowych klasy F5\/EU5 pasuj\u0105cych do filtr\u00f3w z centrali wentylacyjnej\u00a0 KOMFOVENT KOMPAKT REGO R 700 F\u00a0<\/p>\n<p>Poni\u017cej przedstawiamy sprzedawany produkt:<\/p>\n<p><img src=\"https:\/\/pureventfilters.eu\/4370-large_default\/wklady-eu5-do-filtra-domekt-r-700-f-320x360x44.jpg\" alt=\"Wk\u0142ady EU5 do filtra DOMEKT R 700 F (320x360x44)\" \/><\/p>\n","protected":false},"excerpt":{"rendered":"<p>Wk\u0142ady do filtr\u00f3w kasetowych klasy F5\/EU5 pasuj\u0105cych do filtr\u00f3w z centrali wentylacyjnej\u00a0 KOMFOVENT KOMPAKT REGO R 700 F\u00a0 Poni\u017cej przedstawiamy sprzedawany produkt:<\/p>\n","protected":false},"featured_media":50613,"template":"","meta":[],"_links":{"self":[{"href":"https:\/\/profitstore.pl\/index.php\/wp-json\/wp\/v2\/product\/63297"}],"collection":[{"href":"https:\/\/profitstore.pl\/index.php\/wp-json\/wp\/v2\/product"}],"about":[{"href":"https:\/\/profitstore.pl\/index.php\/wp-json\/wp\/v2\/types\/product"}],"wp:featuredmedia":[{"embeddable":true,"href":"https:\/\/profitstore.pl\/index.php\/wp-json\/wp\/v2\/media\/50613"}],"wp:attachment":[{"href":"https:\/\/profitstore.pl\/index.php\/wp-json\/wp\/v2\/media?parent=63297"}],"curies":[{"name":"wp","href":"https:\/\/api.w.org\/{rel}","templated":true}]}}