{"id":63283,"date":"2026-04-24T17:01:30","date_gmt":"2026-04-24T17:01:30","guid":{"rendered":"https:\/\/profitstore.pl\/index.php\/produkt\/filtr-kasetowy-weglowy-eu4-do-wanas-550v-2-550h-2-590x190x40\/"},"modified":"2026-04-24T17:01:31","modified_gmt":"2026-04-24T17:01:31","slug":"filtr-kasetowy-weglowy-eu4-do-wanas-550v-2-550h-2-590x190x40","status":"publish","type":"product","link":"https:\/\/profitstore.pl\/index.php\/produkt\/filtr-kasetowy-weglowy-eu4-do-wanas-550v-2-550h-2-590x190x40\/","title":{"rendered":"Filtr kasetowy w\u0119glowy EU4 do WANAS 550V\/2, 550H\/2 (590x190x40)"},"content":{"rendered":"<p>Filtr\u00a0 kasetowy w\u0119glowy\u00a0 o wymiarach\u00a0 590x190x40 \u00a0 pasuj\u0105cy \u00a0do\u00a0rekuperator\u00f3w\u00a0WANAS: 550 V\/2 550 H\/2 Filtr do oczyszczania powietrza pobieranego z zewn\u0105trz budynku ZASTOSOWANIE: Filtry w\u0119glowe mog\u0105 by\u0107 zamiennie stosowane ze standardowymi filtrami M5. Cech\u0105 charakterystyczn\u0105 filtr\u00f3w z w\u0142\u00f3knin\u0105 w\u0119glow\u0105 jest redukcja zapach\u00f3w, w\u0119glowodor\u00f3w oraz zwi\u0105zk\u00f3w organicznych pochodz\u0105cych z zanieczyszczonego powietrza z zewn\u0105trz budynku. Maj\u0105 zastosowanie g\u0142\u00f3wnie w okresie grzewczym. Polecane s\u0105 dla u\u017cytkownik\u00f3w rekuperator\u00f3w w kt\u00f3rych s\u0105siedztwie znajduj\u0105 si\u0119 domy\/budynki opalane paliwami sta\u0142ymi. Filtry s\u0105 zamiennikami, nazwy producent\u00f3w i marek zosta\u0142y u\u017cyte w celu identyfikacji produktu.<\/p>\n<p>Poni\u017cej przedstawiamy sprzedawany produkt:<\/p>\n<p><img src=\"https:\/\/pureventfilters.eu\/1029-large_default\/filtr-kasetowy-weglowy-eu4-do-wanas-550v2-550h2-590x190x40.jpg\" alt=\"Filtr kasetowy w\u0119glowy EU4 do WANAS 550V\/2, 550H\/2 (590x190x40)\" \/><\/p>\n","protected":false},"excerpt":{"rendered":"<p>Filtr\u00a0 kasetowy w\u0119glowy\u00a0 o wymiarach\u00a0 590x190x40 \u00a0 pasuj\u0105cy \u00a0do\u00a0rekuperator\u00f3w\u00a0WANAS: 550 V\/2 550 H\/2 Filtr do oczyszczania powietrza pobieranego z zewn\u0105trz budynku ZASTOSOWANIE: Filtry w\u0119glowe mog\u0105 by\u0107 zamiennie stosowane ze standardowymi filtrami M5. Cech\u0105 charakterystyczn\u0105 filtr\u00f3w z w\u0142\u00f3knin\u0105 w\u0119glow\u0105 jest redukcja zapach\u00f3w, w\u0119glowodor\u00f3w oraz zwi\u0105zk\u00f3w organicznych pochodz\u0105cych z zanieczyszczonego powietrza z zewn\u0105trz budynku. Maj\u0105 zastosowanie g\u0142\u00f3wnie [&hellip;]<\/p>\n","protected":false},"featured_media":28302,"template":"","meta":[],"_links":{"self":[{"href":"https:\/\/profitstore.pl\/index.php\/wp-json\/wp\/v2\/product\/63283"}],"collection":[{"href":"https:\/\/profitstore.pl\/index.php\/wp-json\/wp\/v2\/product"}],"about":[{"href":"https:\/\/profitstore.pl\/index.php\/wp-json\/wp\/v2\/types\/product"}],"wp:featuredmedia":[{"embeddable":true,"href":"https:\/\/profitstore.pl\/index.php\/wp-json\/wp\/v2\/media\/28302"}],"wp:attachment":[{"href":"https:\/\/profitstore.pl\/index.php\/wp-json\/wp\/v2\/media?parent=63283"}],"curies":[{"name":"wp","href":"https:\/\/api.w.org\/{rel}","templated":true}]}}