{"id":63120,"date":"2026-04-25T17:00:52","date_gmt":"2026-04-25T17:00:52","guid":{"rendered":"https:\/\/profitstore.pl\/index.php\/produkt\/wloknina-weglowa-pvf-eu4\/"},"modified":"2026-04-25T17:00:52","modified_gmt":"2026-04-25T17:00:52","slug":"wloknina-weglowa-pvf-eu4","status":"publish","type":"product","link":"https:\/\/profitstore.pl\/index.php\/produkt\/wloknina-weglowa-pvf-eu4\/","title":{"rendered":"W\u0142\u00f3knina W\u0118GLOWA PVF EU4"},"content":{"rendered":"<p>Materia\u0142 : 100% fibry poliestrowe, \u0142\u0105czone metod\u0105 ig\u0142ow\u0105. W\u0142\u00f3knina filtracyjna impregnowana w\u0119glem aktywowanym. Skuteczno\u015b\u0107 dzia\u0142ania materia\u0142u od pocz\u0105tku do ko\u0144ca okresu u\u017cytkowania. Wysoka wytrzyma\u0142o\u015b\u0107 mechaniczna materia\u0142u gwarantuje stabilno\u015b\u0107 wymiarow\u0105 przez ca\u0142y okres u\u017cytkowania, nawet przy wysokich warto\u015bciach przep\u0142ywu. Zastosowanie : jako filtr do okap\u00f3w kuchennych, jako dodatkowa filtracja z w\u0119glem aktywowanym w filtrach UltraCarb 10. \u00a0 W\u0142\u00f3kniny syntetyczne \u2013 100% poliester Impregnowana w\u0119glem aktywnym Dezodoryzacja powietrza Wysoka ch\u0142onno\u015b\u0107 py\u0142owa Niski spadek ci\u015bnienia D\u0142uga \u017cywotno\u015b\u0107 filtra Odporne na wilgo\u0107 Trudno palne (F1 wg DIN 53438) \u00a0 Klasa wg EN 779:2012: G4 Grubo\u015b\u0107: 10\u00a0 \u00b1\u00a0 2 mm Nominalna przepustowo\u015b\u0107: 5400 m3 \/h\/m2 Pr\u0119dko\u015b\u0107 przep\u0142ywu: 1,50 m\/s \u015aredni stopie\u0144 filtracji (Am): 91,70% Pocz\u0105tkowy op\u00f3r czystego filtra: 41 Pa Zalecany op\u00f3r ko\u0144cowy filtra do wymiany: 250 Pa Ch\u0142onno\u015b\u0107 py\u0142owa: 233,90 g\/m2 Przy zam\u00f3wieniu wi\u0119kszej ilo\u015bci sztuk prosimy o kontakt w celu ustalenia korzystnej ceny wysy\u0142ki.<\/p>\n<p>Poni\u017cej przedstawiamy sprzedawany produkt:<\/p>\n<p><img src=\"https:\/\/pureventfilters.eu\/495-large_default\/wloknina-weglowa-pvf-eu4.jpg\" alt=\"W\u0142\u00f3knina W\u0118GLOWA PVF EU4\" \/><\/p>\n","protected":false},"excerpt":{"rendered":"<p>Materia\u0142 : 100% fibry poliestrowe, \u0142\u0105czone metod\u0105 ig\u0142ow\u0105. W\u0142\u00f3knina filtracyjna impregnowana w\u0119glem aktywowanym. Skuteczno\u015b\u0107 dzia\u0142ania materia\u0142u od pocz\u0105tku do ko\u0144ca okresu u\u017cytkowania. Wysoka wytrzyma\u0142o\u015b\u0107 mechaniczna materia\u0142u gwarantuje stabilno\u015b\u0107 wymiarow\u0105 przez ca\u0142y okres u\u017cytkowania, nawet przy wysokich warto\u015bciach przep\u0142ywu. Zastosowanie : jako filtr do okap\u00f3w kuchennych, jako dodatkowa filtracja z w\u0119glem aktywowanym w filtrach UltraCarb 10. [&hellip;]<\/p>\n","protected":false},"featured_media":28167,"template":"","meta":[],"_links":{"self":[{"href":"https:\/\/profitstore.pl\/index.php\/wp-json\/wp\/v2\/product\/63120"}],"collection":[{"href":"https:\/\/profitstore.pl\/index.php\/wp-json\/wp\/v2\/product"}],"about":[{"href":"https:\/\/profitstore.pl\/index.php\/wp-json\/wp\/v2\/types\/product"}],"wp:featuredmedia":[{"embeddable":true,"href":"https:\/\/profitstore.pl\/index.php\/wp-json\/wp\/v2\/media\/28167"}],"wp:attachment":[{"href":"https:\/\/profitstore.pl\/index.php\/wp-json\/wp\/v2\/media?parent=63120"}],"curies":[{"name":"wp","href":"https:\/\/api.w.org\/{rel}","templated":true}]}}