{"id":511,"date":"2019-07-05T13:46:47","date_gmt":"2019-07-05T13:46:47","guid":{"rendered":"https:\/\/profitstore.pl\/index.php\/produkt\/import-placeholder-for-1062\/"},"modified":"2019-07-05T14:38:06","modified_gmt":"2019-07-05T14:38:06","slug":"stilo-2-lux-standard-wielka-promocja","status":"publish","type":"product","link":"https:\/\/profitstore.pl\/index.php\/produkt\/stilo-2-lux-standard-wielka-promocja\/","title":{"rendered":"Stilo 2 lux Standard  WIELKA PROMOCJA"},"content":{"rendered":"<p><strong>Stilo 2 lux Standard<br \/>\n<\/strong><\/p>\n<p>Nowoczesne <strong>tapicerowane meble do sypialni.<\/strong><\/p>\n<p>Przedstawiamy wyj\u0105tkowe \u0142\u00f3\u017cko do mniejszych sypialni\u00a0 ,, STILO 2 LUX STANDARD &#8221;<\/p>\n<p>z jedn\u0105 poduch\u0105 na oparciu &#8211; nasza oferta jest skierowana do mniejszych powierzchni dla os\u00f3b chc\u0105cych wyposa\u017cy\u0107 swoj\u0105 sypialni\u0119 w nowoczesne a zarazem przytulne \u0142\u00f3\u017cko.<\/p>\n<div class=\"content\"><strong>Mebel\u00a0<\/strong><strong>Stilo 2 lux Standard<\/strong> wykonany jest z najwi\u0119ksz\u0105 staranno\u015bci\u0105 i dba\u0142o\u015bci\u0105 o ka\u017cdy detal, wykonany jest ze sk\u00f3ry ekologicznej &#8211; kolorystyka do wyboru.<\/div>\n<div class=\"content\"><\/div>\n<div class=\"content\"><strong>\u0141\u00f3\u017cka<\/strong>\u00a0wykonywane s\u0105 od podstaw przez wykwalifikowanych pracownik\u00f3w naszej firmy produkowane w Polsce.<\/div>\n<div class=\"content\"><\/div>\n<div class=\"content\">Ka\u017cdy klient ma mo\u017cliwo\u015b\u0107 do indywidualnego wyboru kolor\u00f3w<strong>\u00a0\u0142\u00f3\u017cka<\/strong>\u00a0i jego rozmiaru.<\/div>\n<div class=\"content\"><img src=\"https:\/\/www.tapicerowane-lozka.pl\/files\/st2lstm8.jpg?t=1507391176149?t=1507391833630\" alt=\"\" \/><\/div>\n<div id=\"productDescription\" class=\"content\">\n<p>\u00a0<img src=\"https:\/\/www.tapicerowane-lozka.pl\/files\/st2lstm9.jpg?t=1507391871534\" alt=\"\" \/><\/p>\n<p>Zestaw zawiera masywny\u00a0<strong>stela\u017c<\/strong>\u00a0dopasowany do ka\u017cdego<strong>\u00a0materaca<\/strong>\u00a0.<\/p>\n<p><img src=\"https:\/\/www.tapicerowane-lozka.pl\/files\/st2pnm.png\" alt=\"\u0142\u00f3\u017cko stilo 2 lux slim sk\u00f3ra ekologiczna\" \/><\/p>\n<p><strong>\u00a0<\/strong><\/p>\n<p><strong>WSZELKICH PORAD UDZIELAMY POD NUMEREM TELEFONU 600 335 659<\/strong><\/p>\n<p><strong style=\"color: #666666; font-family: Verdana, Arial, sans-serif; font-size: 12.996px;\">Wymiary:<\/strong><strong><br \/>\n<\/strong><\/p>\n<p><strong style=\"color: #666666; font-family: Verdana, Arial, sans-serif; font-size: 12.996px;\">D\u0142ugo\u015b\u0107 ca\u0142kowita: ok. 236 cm<br \/>\nSzeroko\u015b\u0107 ca\u0142kowita \u0142\u00f3\u017cka   szeroko\u015b\u0107 materaca 10 cm<br \/>\nGrubo\u015b\u0107 boku: 5cm<br \/>\nWysoko\u015b\u0107 zag\u0142\u00f3wka: ok. 67 cm<\/strong><\/p>\n<p><strong>Gwarancja &#8211; 24 msc.<br \/>\n<\/strong><\/p>\n<p><strong>CZAS REALIZACJI \u00a0DO\u00a0<\/strong><strong>14 \u00a0DNI ROBOCZYCH<\/strong><\/p>\n<p><strong>\u0141\u00f3zko\u00a0 bez materaca, materace oraz stoliki nocne mo\u017cna zakupi\u0107 w naszym sklepie.<br \/>\n<\/strong><\/p>\n<p><img src=\"https:\/\/www.tapicerowane-lozka.pl\/files\/ekoskorm.jpg\" alt=\"\u0142\u00f3\u017cko sk\u00f3ra ekologiczna\" \/><\/p>\n<\/div>\n<p><img src=\"https:\/\/www.aismeble.pl\/img\/cms\/tkaniny\/tkanina ARUBA.jpg\" \/><\/p>\n<div id=\"productDescription\" class=\"content\">\n<p>Po z\u0142o\u017ceniu zam\u00f3wienia prosz\u0119 okre\u015bli\u0107 kolor, z kt\u00f3rego ma by\u0107 wykonany\u00a0<strong style=\"font-family: verdana, geneva, sans-serif;\">mebel.<\/strong><\/p>\n<p>Prosz\u0119 poda\u0107 ;<\/p>\n<p>KOLOR G\u0141\u00d3WNY ( oparcie, boki , przodzik \u0142\u00f3\u017cka )<\/p>\n<p>KOLOR DODATKOWY ( wstawka mi\u0119dzy poduszkami i dolna boczna \u0142ezka )<\/p>\n<p>Instrukcja monta\u017cu oraz elementy monta\u017cowe do\u0142\u0105czone w komplecie z<strong>\u00a0\u0142\u00f3\u017ckiem<\/strong>.<\/p>\n<\/div>\n","protected":false},"excerpt":{"rendered":"<p>Stilo 2 lux Standard Nowoczesne tapicerowane meble do sypialni. Przedstawiamy wyj\u0105tkowe \u0142\u00f3\u017cko do mniejszych sypialni\u00a0 ,, STILO 2 LUX STANDARD &#8221; z jedn\u0105 poduch\u0105 na oparciu &#8211; nasza oferta jest skierowana do mniejszych powierzchni dla os\u00f3b chc\u0105cych wyposa\u017cy\u0107 swoj\u0105 sypialni\u0119 w nowoczesne a zarazem przytulne \u0142\u00f3\u017cko. Mebel\u00a0Stilo 2 lux Standard wykonany jest z najwi\u0119ksz\u0105 staranno\u015bci\u0105 [&hellip;]<\/p>\n","protected":false},"featured_media":541,"template":"","meta":[],"_links":{"self":[{"href":"https:\/\/profitstore.pl\/index.php\/wp-json\/wp\/v2\/product\/511"}],"collection":[{"href":"https:\/\/profitstore.pl\/index.php\/wp-json\/wp\/v2\/product"}],"about":[{"href":"https:\/\/profitstore.pl\/index.php\/wp-json\/wp\/v2\/types\/product"}],"wp:featuredmedia":[{"embeddable":true,"href":"https:\/\/profitstore.pl\/index.php\/wp-json\/wp\/v2\/media\/541"}],"wp:attachment":[{"href":"https:\/\/profitstore.pl\/index.php\/wp-json\/wp\/v2\/media?parent=511"}],"curies":[{"name":"wp","href":"https:\/\/api.w.org\/{rel}","templated":true}]}}