{"id":49949,"date":"2023-04-07T04:05:18","date_gmt":"2023-04-07T04:05:18","guid":{"rendered":"https:\/\/profitstore.pl\/?post_type=product&#038;p=49949"},"modified":"2023-04-07T04:05:20","modified_gmt":"2023-04-07T04:05:20","slug":"przyrzad-do-pielegnacji-i-masazu-ciala-z-aplikatorem","status":"publish","type":"product","link":"https:\/\/profitstore.pl\/index.php\/produkt\/przyrzad-do-pielegnacji-i-masazu-ciala-z-aplikatorem\/","title":{"rendered":"Przyrz\u0105d do piel\u0119gnacji i masa\u017cu cia\u0142a z aplikatorem"},"content":{"rendered":"","protected":false},"excerpt":{"rendered":"","protected":false},"featured_media":0,"template":"","meta":[],"_links":{"self":[{"href":"https:\/\/profitstore.pl\/index.php\/wp-json\/wp\/v2\/product\/49949"}],"collection":[{"href":"https:\/\/profitstore.pl\/index.php\/wp-json\/wp\/v2\/product"}],"about":[{"href":"https:\/\/profitstore.pl\/index.php\/wp-json\/wp\/v2\/types\/product"}],"wp:attachment":[{"href":"https:\/\/profitstore.pl\/index.php\/wp-json\/wp\/v2\/media?parent=49949"}],"curies":[{"name":"wp","href":"https:\/\/api.w.org\/{rel}","templated":true}]}}