{"id":49789,"date":"2023-04-15T04:05:12","date_gmt":"2023-04-15T04:05:12","guid":{"rendered":"https:\/\/profitstore.pl\/?post_type=product&#038;p=49789"},"modified":"2023-04-15T04:05:13","modified_gmt":"2023-04-15T04:05:13","slug":"wozek-kapielowy-clean-wysokosc-siedziska-55-cm-4szt","status":"publish","type":"product","link":"https:\/\/profitstore.pl\/index.php\/produkt\/wozek-kapielowy-clean-wysokosc-siedziska-55-cm-4szt\/","title":{"rendered":"W\u00f3zek k\u0105pielowy CLEAN  Wysoko\u015b\u0107 siedziska 55 cm 4szt"},"content":{"rendered":"","protected":false},"excerpt":{"rendered":"","protected":false},"featured_media":0,"template":"","meta":[],"_links":{"self":[{"href":"https:\/\/profitstore.pl\/index.php\/wp-json\/wp\/v2\/product\/49789"}],"collection":[{"href":"https:\/\/profitstore.pl\/index.php\/wp-json\/wp\/v2\/product"}],"about":[{"href":"https:\/\/profitstore.pl\/index.php\/wp-json\/wp\/v2\/types\/product"}],"wp:attachment":[{"href":"https:\/\/profitstore.pl\/index.php\/wp-json\/wp\/v2\/media?parent=49789"}],"curies":[{"name":"wp","href":"https:\/\/api.w.org\/{rel}","templated":true}]}}