{"id":49691,"date":"2023-01-14T05:05:06","date_gmt":"2023-01-14T05:05:06","guid":{"rendered":"https:\/\/profitstore.pl\/?post_type=product&#038;p=49691"},"modified":"2023-01-14T05:05:08","modified_gmt":"2023-01-14T05:05:08","slug":"grzebien-na-rekojesci","status":"publish","type":"product","link":"https:\/\/profitstore.pl\/index.php\/produkt\/grzebien-na-rekojesci\/","title":{"rendered":"Grzebie\u0144 na r\u0119koje\u015bci"},"content":{"rendered":"","protected":false},"excerpt":{"rendered":"","protected":false},"featured_media":0,"template":"","meta":[],"_links":{"self":[{"href":"https:\/\/profitstore.pl\/index.php\/wp-json\/wp\/v2\/product\/49691"}],"collection":[{"href":"https:\/\/profitstore.pl\/index.php\/wp-json\/wp\/v2\/product"}],"about":[{"href":"https:\/\/profitstore.pl\/index.php\/wp-json\/wp\/v2\/types\/product"}],"wp:attachment":[{"href":"https:\/\/profitstore.pl\/index.php\/wp-json\/wp\/v2\/media?parent=49691"}],"curies":[{"name":"wp","href":"https:\/\/api.w.org\/{rel}","templated":true}]}}