{"id":4590,"date":"2019-07-10T14:16:56","date_gmt":"2019-07-10T14:16:56","guid":{"rendered":"https:\/\/profitstore.pl\/index.php\/produkt\/import-placeholder-for-87\/"},"modified":"2019-07-10T14:22:32","modified_gmt":"2019-07-10T14:22:32","slug":"grill-stal-czarna-60cm-palenisko-bali-70cm","status":"publish","type":"product","link":"https:\/\/profitstore.pl\/index.php\/produkt\/grill-stal-czarna-60cm-palenisko-bali-70cm\/","title":{"rendered":"Grill stal czarna 60cm + palenisko Bali 70cm"},"content":{"rendered":"<p>Dane techniczne grilla ogrodowego:Wysoko\u015b\u0107 tr\u00f3jnogu: ok. 180cm\u015arednica rusztu: 60cmGrubo\u015b\u0107 pr\u0119t\u00f3w rusztu: 5mmMateria\u0142 z jakiej wykonano ruszt: stal zwyk\u0142aWaga produktu: ok. 12 kgTr\u00f3jn\u00f3g malowany proszkowo: TAKTr\u00f3jn\u00f3g sk\u0142adany w po\u0142owie: TAKDane techniczne paleniska ogrodowego:\u015arednica misy paleniska: 70cmGrubo\u015b\u0107 misy paleniska: 2,5mmWysoko\u015b\u0107 ca\u0142kowita: 23cmSzeroko\u015b\u0107 ca\u0142kowita: 78cmWaga produktu: ok. 13kgOpis produktu:Solidny grill ogrodowy to spos\u00f3b na przyrz\u0105dzenie ciekawych i pysznych potraw. Najwi\u0119ksza zalet\u0105 grilla na tr\u00f3jnogu jest to, \u017ce mo\u017cna rozstawi\u0107 go bezpo\u015brednio nad ogniskiem. Dzi\u0119ki czemu nie musimy kupowa\u0107 specjalnych podpa\u0142ek do grilla. Dania przyrz\u0105dzone nad ogniskiem b\u0119d\u0105 cieszy\u0142y podniebienie nawet najbardziej wybrednych go\u015bci. Wysoko\u015b\u0107 rusztu grilla mo\u017cna \u0142atwo regulowa\u0107 za pomoc\u0105 ko\u0142owrotka zamieszczonego na g\u00f3rze tr\u00f3jnogu. Wsp\u00f3lne sp\u0119dzanie czasu na \u015bwie\u017cym powietrzu przy takim grillu to czysta przyjemno\u015b\u0107. Grill ogrodowy na tr\u00f3jnogu jest lekki \u2013 ok. 12kg. Tak niewielka waga pozwala na \u0142atwe przenoszenie grilla. Du\u017cym plusem tego grilla jest \u0142atwo\u015b\u0107 z\u0142o\u017cenia i roz\u0142o\u017cenia. Ruszt grilla zosta\u0142 wykonany zosta\u0142 z 5mm stalowych pr\u0119t\u00f3w, co czyni go bardzo masywnym i wytrzyma\u0142ym. Du\u017cy 60cm ruszt pozwala na przygotowanie jednorazowo jedzenia dla sporej liczby os\u00f3b.Palenisko ogrodowe jest genialnym dodatkiem do sp\u0119dzania czasu razem z bliskimi na \u015bwie\u017cym powietrzu. Palenisko jest produktem, kt\u00f3ry poza dostarczaniem ciep\u0142a mo\u017ce by\u0107 te\u017c \u015bwietnym sposobem na roz\u015bwietlenie ponurego jesiennego popo\u0142udnia w ogrodzie. Dzi\u0119ki r\u0105czk\u0105 zamontowanym po obu stronach palenisko mo\u017cna szybko i wygodnie przenie\u015b\u0107 w dowolny punkt ogrodu czy tarasu, aby \u0142atwo i bezpiecznie rozpali\u0107 ognisko. Praktyczny, wkl\u0119s\u0142y kszta\u0142t misy paleniska sprawia, \u017ce palone w nim drewno nie rozprzestrzenia si\u0119 nawet podczas silnego wiatru.\u00a0 Palenisko mo\u017ce by\u0107 te\u017c u\u017cywane, jako dodatek do grilla lub kocio\u0142ka w\u0119gierskiego.\u00a0Paleniska wykonane s\u0105 z surowej stali, mog\u0105 r\u00f3\u017cni\u0107 si\u0119 lekko kolorem od przedstawionych na zdj\u0119ciach. Jest to naturalne w przypadku stali i nie wp\u0142ywa to negatywnie na wytrzyma\u0142o\u015b\u0107 produktu. Praktyczno\u015b\u0107 \u0142\u0105czy si\u0119 z elegancj\u0105 wyko\u0144czenia produktu, kt\u00f3ry mo\u017ce sta\u0107 si\u0119 te\u017c ciekawym elementem dekoracyjnym w naszym ogrodzie.W naszym sklepie znajd\u0105 Pa\u0144stwo r\u00f3wnie\u017c praktyczne kocio\u0142ki w\u0119gierskie, kt\u00f3re idealnie pasuj\u0105 do naszego zestawu grilla wraz z paleniskiem.<\/p>\n","protected":false},"excerpt":{"rendered":"<p>Dane techniczne grilla ogrodowego:Wysoko\u015b\u0107 tr\u00f3jnogu: ok. 180cm\u015arednica rusztu: 60cmGrubo\u015b\u0107 pr\u0119t\u00f3w rusztu: 5mmMateria\u0142 z jakiej wykonano ruszt: stal zwyk\u0142aWaga produktu: ok. 12 kgTr\u00f3jn\u00f3g malowany proszkowo: TAKTr\u00f3jn\u00f3g sk\u0142adany w po\u0142owie: TAKDane techniczne paleniska ogrodowego:\u015arednica misy paleniska: 70cmGrubo\u015b\u0107 misy paleniska: 2,5mmWysoko\u015b\u0107 ca\u0142kowita: 23cmSzeroko\u015b\u0107 ca\u0142kowita: 78cmWaga produktu: ok. 13kgOpis produktu:Solidny grill ogrodowy to spos\u00f3b na przyrz\u0105dzenie ciekawych i pysznych [&hellip;]<\/p>\n","protected":false},"featured_media":0,"template":"","meta":[],"_links":{"self":[{"href":"https:\/\/profitstore.pl\/index.php\/wp-json\/wp\/v2\/product\/4590"}],"collection":[{"href":"https:\/\/profitstore.pl\/index.php\/wp-json\/wp\/v2\/product"}],"about":[{"href":"https:\/\/profitstore.pl\/index.php\/wp-json\/wp\/v2\/types\/product"}],"wp:attachment":[{"href":"https:\/\/profitstore.pl\/index.php\/wp-json\/wp\/v2\/media?parent=4590"}],"curies":[{"name":"wp","href":"https:\/\/api.w.org\/{rel}","templated":true}]}}