{"id":123232,"date":"2026-03-31T06:01:14","date_gmt":"2026-03-31T06:01:14","guid":{"rendered":"https:\/\/profitstore.pl\/index.php\/produkt\/kalibracja-alkomatu-alcodigital-bac5-0\/"},"modified":"2026-03-31T06:01:33","modified_gmt":"2026-03-31T06:01:33","slug":"kalibracja-alkomatu-alcodigital-bac5-0","status":"publish","type":"product","link":"https:\/\/profitstore.pl\/index.php\/produkt\/kalibracja-alkomatu-alcodigital-bac5-0\/","title":{"rendered":"Kalibracja alkomatu AlcoDigital BAC5.0"},"content":{"rendered":"<p>Kalibracja alkomatu AlcoDigital BAC5.0 z certyfikatem Kalibracja alkomatu AlcoDigital BAC5.0 to profesjonalna us\u0142uga serwisowa zapewniaj\u0105ca prawid\u0142owe i dok\u0142adne pomiary st\u0119\u017cenia alkoholu w wydychanym powietrzu. Model BAC5.0, wyposa\u017cony w sensor p\u00f3\u0142przewodnikowy, wymaga cz\u0119stszej kalibracji ni\u017c alkomaty z czujnikami elektrochemicznymi. Regularna adiustacja jest jedynym sposobem na utrzymanie wiarygodno\u015bci wskaza\u0144 tego popularnego alkomatu osobistego. Kalibracja alkomatu AlcoDigital BAC5.0 AlcoDigital BAC50 to kompaktowy alkomat do u\u017cytku osobistego, ceniony za prostot\u0119 obs\u0142ugi i przyst\u0119pn\u0105 cen\u0119. Kalibracja tego modelu polega na poddaniu urz\u0105dzenia dzia\u0142aniu wzorcowych pr\u00f3bek alkoholu i dostosowaniu wskaza\u0144 sensora do warto\u015bci referencyjnych. Proces wymaga specjalistycznego sprz\u0119tu i wiedzy &#8211; nie mo\u017ce by\u0107 przeprowadzony samodzielnie przez u\u017cytkownika. Specyfika sensora AlcoDigital BAC5.0 AlcoDigital BAC5.0 wykorzystuje sensor p\u00f3\u0142przewodnikowy (MOS &#8211; Metal Oxide Semiconductor), kt\u00f3ry wykrywa obecno\u015b\u0107 alkoholu na zasadzie zmiany rezystancji warstwy tlenku metalu pod wp\u0142ywem kontaktu z parami etanolu. Sensory tego typu s\u0105 ta\u0144sze w produkcji ni\u017c elektrochemiczne, co przek\u0142ada si\u0119 na ni\u017csz\u0105 cen\u0119 alkomatu. Nale\u017cy jednak pami\u0119ta\u0107, \u017ce czujnik p\u00f3\u0142przewodnikowy jest mniej selektywny i szybciej traci czu\u0142o\u015b\u0107, dlatego wymaga cz\u0119stszej kalibracji. Zalecana cz\u0119stotliwo\u015b\u0107 kalibracji alkomatu AlcoDigital BAC5.0 Kalibracj\u0119 alkomatu AlcoDigital BAC5.0 z sensorem p\u00f3\u0142przewodnikowym nale\u017cy przeprowadza\u0107 co 6 miesi\u0119cy lub po wykonaniu 200 pomiar\u00f3w &#8211; w zale\u017cno\u015bci od tego, co nast\u0105pi wcze\u015bniej. Jest to dwukrotnie cz\u0119stszy interwa\u0142 ni\u017c w przypadku alkomat\u00f3w elektrochemicznych, co wynika z szybszej degradacji sensora p\u00f3\u0142przewodnikowego. Zaniedbanie terminowej kalibracji mo\u017ce prowadzi\u0107 do znacz\u0105cych odchyle\u0144 wskaza\u0144 od warto\u015bci rzeczywistych. Co sprawdzamy podczas kalibracji AlcoDigital BAC5.0 Testowanie wskaza\u0144 sensora na wzorcowych roztworach alkoholu o znanych st\u0119\u017ceniach Korekcja parametr\u00f3w przetwarzania sygna\u0142u w oprogramowaniu urz\u0105dzenia Weryfikacja czasu nagrzewania sensora i gotowo\u015bci do pomiaru Kontrola prawid\u0142owo\u015bci pobierania pr\u00f3bki powietrza i szczelno\u015bci toru pomiarowego Ocena stanu baterii i poprawno\u015bci dzia\u0142ania wy\u015bwietlacza oraz sygnalizacji Czas realizacji kalibracji AlcoDigital BAC5.0 Kalibracja AlcoDigital BAC5.0 realizowana jest w ci\u0105gu 2 do 5 dni roboczych od otrzymania urz\u0105dzenia w serwisie. Po zako\u0144czeniu adiustacji alkomat przechodzi testy kontrolne potwierdzaj\u0105ce prawid\u0142owo\u015b\u0107 wskaza\u0144 przed odes\u0142aniem do klienta. Certyfikat kalibracji AlcoDigital BAC5.0 &#8211; co zawiera Po kalibracji wystawiany jest Certyfikat Kalibracji zawieraj\u0105cy dane urz\u0105dzenia (model, numer seryjny), dat\u0119 wykonania us\u0142ugi, zastosowane st\u0119\u017cenia wzorcowe, wyniki test\u00f3w kontrolnych oraz dat\u0119 wa\u017cno\u015bci certyfikatu &#8211; wynosz\u0105c\u0105 6 miesi\u0119cy od daty kalibracji. Dokument potwierdza, \u017ce alkomat BAC50 wskazuje prawid\u0142owe warto\u015bci. Jak wys\u0142a\u0107 alkomat AlcoDigital BAC5.0 do kalibracji Wype\u0142nij formularz serwisowy dost\u0119pny na naszej stronie internetowej. Zapakuj bezpiecznie alkomat, do\u0142\u0105czaj\u0105c do paczki wydrukowany formularz. Wy\u015blij urz\u0105dzenie na adres naszego autoryzowanego centrum serwisowego. Odbierz skalibrowany alkomat z certyfikatem potwierdzaj\u0105cym jego sprawno\u015b\u0107. Je\u017celi masz w\u0105tpliwo\u015bci co do poprawnego dzia\u0142ania Twojego alkomatu, lub wskazuje wynik 0,00 po spo\u017cyciu alkoholu nie kupuj us\u0142ugi kalibracji. Mo\u017ce to \u015bwiadczy\u0107 o zu\u017cyciu sensora w alkomacie. Wy\u015blij go do nas na DARMOW\u0104 ekspertyz\u0119. Wycenimy koszty ewentualnej naprawy i wska\u017cemy, czy ma ona uzasadnienie i czy jest op\u0142acalna. Alkomat mo\u017cna r\u00f3wnie\u017c dostarczy\u0107 do nas osobi\u015bcie i zostawi\u0107 celem wykonania precyzyjnej kalibracji. Cz\u0119sto zadawane pytania &#8211; kalibracja AlcoDigital BAC5.0 Dlaczego AlcoDigital BAC5.0 wymaga kalibracji co 6 miesi\u0119cy, a nie co 12? AlcoDigital BAC50 wyposa\u017cony jest w sensor p\u00f3\u0142przewodnikowy, kt\u00f3ry degraduje si\u0119 szybciej ni\u017c czujnik elektrochemiczny. Sensory MOS s\u0105 bardziej podatne na wp\u0142yw czynnik\u00f3w \u015brodowiskowych &#8211; wilgoci, temperatury, substancji lotnych &#8211; co przyspiesza utrat\u0119 czu\u0142o\u015bci. Kr\u00f3tszy interwa\u0142 kalibracji rekompensuje t\u0119 w\u0142a\u015bciwo\u015b\u0107 i zapewnia wiarygodno\u015b\u0107 wynik\u00f3w przez ca\u0142y okres wa\u017cno\u015bci certyfikatu. Czy warto wymieni\u0107 AlcoDigital BAC5.0 na model z sensorem elektrochemicznym? To zale\u017cy od intensywno\u015bci u\u017cytkowania. Je\u015bli korzystasz z alkomatu sporadycznie (kilka razy w miesi\u0105cu), BAC50 z sensorem p\u00f3\u0142przewodnikowym jest wystarczaj\u0105cy i ekonomiczny. Przy cz\u0119stszym u\u017cytkowaniu model z sensorem elektrochemicznym &#8211; np. AlcoDigital A100 czy AlcoDigital ONE &#8211; b\u0119dzie lepszym wyborem ze wzgl\u0119du na wy\u017csz\u0105 precyzj\u0119 i rzadsz\u0105 potrzeb\u0119 kalibracji. Czy nieskalbrowany BAC5.0 mo\u017ce pokaza\u0107 \u201e0,00\u2030&#8221; u osoby po alkoholu? Tak, jest to mo\u017cliwe. Zdegradowany sensor p\u00f3\u0142przewodnikowy mo\u017ce traci\u0107 czu\u0142o\u015b\u0107 na ni\u017csze st\u0119\u017cenia alkoholu, co oznacza, \u017ce przy niewielkim spo\u017cyciu alkomat mo\u017ce nie wykry\u0107 obecno\u015bci etanolu w pr\u00f3bce. To szczeg\u00f3lnie niebezpieczna sytuacja, poniewa\u017c daje fa\u0142szywe<\/p>\n","protected":false},"excerpt":{"rendered":"<p>Kalibracja alkomatu AlcoDigital BAC5.0 z certyfikatem Kalibracja alkomatu AlcoDigital BAC5.0 to profesjonalna us\u0142uga serwisowa zapewniaj\u0105ca prawid\u0142owe i dok\u0142adne pomiary st\u0119\u017cenia alkoholu w wydychanym powietrzu. Model BAC5.0, wyposa\u017cony w sensor p\u00f3\u0142przewodnikowy, wymaga cz\u0119stszej kalibracji ni\u017c alkomaty z czujnikami elektrochemicznymi. Regularna adiustacja jest jedynym sposobem na utrzymanie wiarygodno\u015bci wskaza\u0144 tego popularnego alkomatu osobistego. Kalibracja alkomatu AlcoDigital BAC5.0 [&hellip;]<\/p>\n","protected":false},"featured_media":123233,"template":"","meta":[],"_links":{"self":[{"href":"https:\/\/profitstore.pl\/index.php\/wp-json\/wp\/v2\/product\/123232"}],"collection":[{"href":"https:\/\/profitstore.pl\/index.php\/wp-json\/wp\/v2\/product"}],"about":[{"href":"https:\/\/profitstore.pl\/index.php\/wp-json\/wp\/v2\/types\/product"}],"wp:featuredmedia":[{"embeddable":true,"href":"https:\/\/profitstore.pl\/index.php\/wp-json\/wp\/v2\/media\/123233"}],"wp:attachment":[{"href":"https:\/\/profitstore.pl\/index.php\/wp-json\/wp\/v2\/media?parent=123232"}],"curies":[{"name":"wp","href":"https:\/\/api.w.org\/{rel}","templated":true}]}}