{"id":116589,"date":"2024-10-14T18:19:14","date_gmt":"2024-10-14T18:19:14","guid":{"rendered":"https:\/\/profitstore.pl\/index.php\/produkt\/wzorcowanie-alkomatu-alco-sensor-fst-m\/"},"modified":"2024-10-14T18:19:22","modified_gmt":"2024-10-14T18:19:22","slug":"wzorcowanie-alkomatu-alco-sensor-fst-m","status":"publish","type":"product","link":"https:\/\/profitstore.pl\/index.php\/produkt\/wzorcowanie-alkomatu-alco-sensor-fst-m\/","title":{"rendered":"Wzorcowanie alkomatu Alco-Sensor FST M"},"content":{"rendered":"<p>Wzorcowanie alkomat\u00f3w Wzorcowanie polega na okre\u015bleniu r\u00f3\u017cnicy pomi\u0119dzy alkomatem badanym a tzw. &#8222;wzorcem miary&#8221;. W klasycznej metrologii jest zasada, \u017ce przyrz\u0105d wzorcowy powinien by\u0107 dok\u0142adniejszy od przyrz\u0105du wzorcowanego o trzy rz\u0119dy wielko\u015bci. Wzorcowanie odbywa si\u0119 w warunkach laboratoryjnych przy pomocy profesjonalnej aparatury pomiarowej. W t\u0142umaczeniu na normalny j\u0119zyk jest to por\u00f3wnanie badanego alkomatu z rzeczywistymi warto\u015bciami zawarto\u015bci alkoholu. Po wykonaniu wzorcowania w akredytowanym przez Polskie Centrum Akredytacji laboratorium, alkomat otrzymuje tzw. &#8222;\u015awiadectwo\u00a0wzorcowania&#8221;. \u00a0 \u015awiadectwo wzorcowania jest wa\u017cne przez 6 miesi\u0119cy. Po tym okresie nale\u017cy ponownie przeprowadzi\u0107 badanie. Koszt wzorcowania w zale\u017cno\u015bci od modelu alkomatu, wacha si\u0119 w granicach 200pln. UWAGA: przed wzorcowaniem\u00a0nale\u017cy wykona\u0107 kalibracj\u0119\/ adiustacj\u0119 alkomatu! Co to jest wzorcowanie alkomatu? Wzorcowaniem alkomatu jest proces kontroli poprawno\u015bci wskaza\u0144 alkomatu i por\u00f3wnanie go z tzw. &#8222;wzorcem&#8221;. Sprawdzana jest warto\u015b\u0107 odchylenia warto\u015bci sprawdzanej od wzorca. Wzorcowanie odbywa si\u0119 w warunkach laboratoryjnych przy pomocy profesjonalnej aparatury pomiarowej oraz w odpowiednich warunkach laboratoryjnych. NA JAKICH ST\u0118\u017bENIACH WZORCOWYCH JEST WZORCOWANY ALKOMAT? Alkomat jest badany na wielu st\u0119\u017ceniach alkoholu w zale\u017cno\u015bci od rodzaju alkomatu. Wzorcowanie mo\u017ce by\u0107 wykonywane na st\u0119\u017ceniach: 0.10mg\/l, 0.20mg\/l, 0.40mg\/l, 1.00mg\/l, 1.50mg\/l CO TO JEST \u015aWIADECTWO WZORCOWANIA? \u015awiadectwo wzorcowania jest to dokument kt\u00f3ry jest wystawiany po wykonanej us\u0142udze i po\u015bwiadcza on poprawno\u015b\u0107 wskaza\u0142 alkomatu. Na \u015bwiadectwie wzorcowania s\u0105 wskazane warto\u015bci &#8222;odchy\u0142ek&#8221; od wzorca. B\u0142\u0119dy musz\u0105 by\u0107 zawarte w odpowiednim przedziale aby uzyska\u0107 \u015awiadectwo Wzorcowania Alkomatu. JAKA JEST WA\u017bNO\u015a\u0106 \u015aWIADECTWA WZORCOWANIA ALKOMATU? Certyfikat Wzorcowania alkomatu jest wa\u017cny 6 miesi\u0119cy. Po tym terminie musimy odnowi\u0107 wa\u017cno\u015b\u0107 tego dokumentu. DO KOGO KIEROWANA JEST G\u0141\u00d3WNIE US\u0141UGA WZOROCWANIA ALKOMATU? Us\u0142uga wzorcowania alkomatu kierowana jest g\u0142\u00f3wnie do: S\u0142u\u017cb mundurowych: Policji, Wojska itp. Instytucji Administracji Pa\u0144stwowej Szpitali, Szk\u00f3\u0142, Uczelni Zak\u0142ad\u00f3w opieki, izby wytrze\u017awie\u0144, o\u015brodk\u00f3w pomocy spo\u0142ecznej Zak\u0142ad\u00f3w karnych\u00a0 Du\u017cych przedsi\u0119biorstw produkcyjnych, budowlanych, transportowych itp. KTO WYKONUJE US\u0141UG\u0118 WZORCOWANIA ALKOMATU? Us\u0142uga wzorcowania alkomatu jest wykonywana w akredytowanym przez Polskie Centrum Akredytacji laboratorium wzorcuj\u0105cym.\u00a0 Certyfikat wystawia akredytowane przez Polskie Centrum Akredytacji laboratorium. Polskie Centrum Akredytacji PO PROCESIE WZORCOWANIA ALKOMATU KLIENT OTRZYMUJE: Wzorcowany Alkomat \u015awiadectwo Wzorcowania Alkomatu Certyfikat Kalibracji Alkomatu Faktur\u0119 VAT na wykonan\u0105 us\u0142ug\u0119<\/p>\n","protected":false},"excerpt":{"rendered":"<p>Wzorcowanie alkomat\u00f3w Wzorcowanie polega na okre\u015bleniu r\u00f3\u017cnicy pomi\u0119dzy alkomatem badanym a tzw. &#8222;wzorcem miary&#8221;. W klasycznej metrologii jest zasada, \u017ce przyrz\u0105d wzorcowy powinien by\u0107 dok\u0142adniejszy od przyrz\u0105du wzorcowanego o trzy rz\u0119dy wielko\u015bci. Wzorcowanie odbywa si\u0119 w warunkach laboratoryjnych przy pomocy profesjonalnej aparatury pomiarowej. W t\u0142umaczeniu na normalny j\u0119zyk jest to por\u00f3wnanie badanego alkomatu z rzeczywistymi [&hellip;]<\/p>\n","protected":false},"featured_media":116590,"template":"","meta":[],"_links":{"self":[{"href":"https:\/\/profitstore.pl\/index.php\/wp-json\/wp\/v2\/product\/116589"}],"collection":[{"href":"https:\/\/profitstore.pl\/index.php\/wp-json\/wp\/v2\/product"}],"about":[{"href":"https:\/\/profitstore.pl\/index.php\/wp-json\/wp\/v2\/types\/product"}],"wp:featuredmedia":[{"embeddable":true,"href":"https:\/\/profitstore.pl\/index.php\/wp-json\/wp\/v2\/media\/116590"}],"wp:attachment":[{"href":"https:\/\/profitstore.pl\/index.php\/wp-json\/wp\/v2\/media?parent=116589"}],"curies":[{"name":"wp","href":"https:\/\/api.w.org\/{rel}","templated":true}]}}