{"id":116547,"date":"2024-10-14T18:18:50","date_gmt":"2024-10-14T18:18:50","guid":{"rendered":"https:\/\/profitstore.pl\/index.php\/produkt\/kaseta-kit-6-panelowa-do-analizatora-drugtest-5000-op-20szt\/"},"modified":"2024-10-14T18:18:51","modified_gmt":"2024-10-14T18:18:51","slug":"kaseta-kit-6-panelowa-do-analizatora-drugtest-5000-op-20szt","status":"publish","type":"product","link":"https:\/\/profitstore.pl\/index.php\/produkt\/kaseta-kit-6-panelowa-do-analizatora-drugtest-5000-op-20szt\/","title":{"rendered":"Kaseta Kit 6-panelowa do analizatora DrugTest 5000 (op. 20szt.)"},"content":{"rendered":"<p>Opis Opakowanie 20szt. kaset 6-panelowych do szybkiego sprawdzenia zawarto\u015bci narkotyk\u00f3w takich jak: Kokaina COC Opiaty OPI Benzodiazepiny BZO Konopie indyjskie THC Amfetamina AMP Metaamfetamina MET Kaseta DrugTest 5000 Test-Kit Kaseta tetowa to nieskomplikowane, szybkie, niezawodne i bezpieczne testy narkotykowe. Kasety s\u0105 pakowane w indywidualne higieniczne opakowania. Ich podstawowe zalety to: wysoki stopie\u0144 zgodno\u015bci z pr\u00f3bkami krwi niezwykle niska granica wykrywalno\u015bci THC, g\u0142\u00f3wnego sk\u0142adnika aktywnego kannabinoli przejrzyste wy\u015bwietlanie wynik\u00f3w higieniczne pobieranie i analiza pr\u00f3bek wysoki poziom akceptacji u\u017cytkownik\u00f3w i badanych os\u00f3b \u0142atwa obs\u0142uga nawet w r\u0119kawiczkach dost\u0119pn\u0119 w sprzeda\u017c r\u00f3\u017cne modele konfiguracji (mo\u017cliwo\u015b\u0107 wykrywania jednocze\u015bnie kilku substancji) mo\u017cliwo\u015b\u0107 u\u017cywania w temperaturze 4\u00b0C do 40\u00b0C mo\u017cna przechowywa\u0107 w temp. do 30\u00b0C Zestaw zawiera 20szt. kaset 6-panelowych<\/p>\n","protected":false},"excerpt":{"rendered":"<p>Opis Opakowanie 20szt. kaset 6-panelowych do szybkiego sprawdzenia zawarto\u015bci narkotyk\u00f3w takich jak: Kokaina COC Opiaty OPI Benzodiazepiny BZO Konopie indyjskie THC Amfetamina AMP Metaamfetamina MET Kaseta DrugTest 5000 Test-Kit Kaseta tetowa to nieskomplikowane, szybkie, niezawodne i bezpieczne testy narkotykowe. Kasety s\u0105 pakowane w indywidualne higieniczne opakowania. Ich podstawowe zalety to: wysoki stopie\u0144 zgodno\u015bci z pr\u00f3bkami [&hellip;]<\/p>\n","protected":false},"featured_media":116548,"template":"","meta":[],"_links":{"self":[{"href":"https:\/\/profitstore.pl\/index.php\/wp-json\/wp\/v2\/product\/116547"}],"collection":[{"href":"https:\/\/profitstore.pl\/index.php\/wp-json\/wp\/v2\/product"}],"about":[{"href":"https:\/\/profitstore.pl\/index.php\/wp-json\/wp\/v2\/types\/product"}],"wp:featuredmedia":[{"embeddable":true,"href":"https:\/\/profitstore.pl\/index.php\/wp-json\/wp\/v2\/media\/116548"}],"wp:attachment":[{"href":"https:\/\/profitstore.pl\/index.php\/wp-json\/wp\/v2\/media?parent=116547"}],"curies":[{"name":"wp","href":"https:\/\/api.w.org\/{rel}","templated":true}]}}