{"id":116451,"date":"2024-10-14T18:17:50","date_gmt":"2024-10-14T18:17:50","guid":{"rendered":"https:\/\/profitstore.pl\/index.php\/produkt\/alkomat-drager-alcotest-6000-z-drukarka\/"},"modified":"2024-10-14T18:17:56","modified_gmt":"2024-10-14T18:17:56","slug":"alkomat-drager-alcotest-6000-z-drukarka","status":"publish","type":"product","link":"https:\/\/profitstore.pl\/index.php\/produkt\/alkomat-drager-alcotest-6000-z-drukarka\/","title":{"rendered":"Alkomat Drager Alcotest\u00ae 6000 z drukark\u0105"},"content":{"rendered":"<p>Alkomat\u00a0Drager Alcotest 6000 z drukark\u0105 Wyposa\u017cony w modu\u0142 bluetooth alkomat profesjonalny Drager Alcotest 6000 to jeden z najlepszych i najnowocze\u015bniejszych system\u00f3w niemieckiej technologii przeznaczony do testowania stanu trze\u017awo\u015bci w wydychanym powietrzu. Na dodatek urz\u0105dzenie zosta\u0142o przystosowane do pracy z mobiln\u0105 drukark\u0105 Drager BT. Alkomat zosta\u0142 wyposa\u017cony w bardzo precyzyjny sensor elektrochemiczny, kt\u00f3ry dzia\u0142a sprawnie i szybko. Charakteryzuje si\u0119 niezawodno\u015bci\u0105 i d\u0142ug\u0105 \u017cywotno\u015bci\u0105. Obs\u0142uga alkomatu Drager Alcotest 6000 z drukark\u0105 mobiln\u0105 jest bardzo prosta i ogranicza si\u0119 tylko do wci\u015bni\u0119cia jednego przycisku. Estetyczny wygl\u0105d urz\u0105dzenia w po\u0142\u0105czeniu z niewielkimi rozmiarami to tak\u017ce ogromny atut alkomatu. Specyfikacja techniczna: Profesjonalny sensor elektrochemiczny 1\/4&#8243; Dr\u00e4gerSensor Zakres pomiarowy 0,00-2,50mg\/L (0,00-5,00\u2030) Rozdzielczo\u015b\u0107 wskaza\u0144 0,01\u2030 do 2 miejsc po przecinku Gotowo\u015b\u0107 do pracy ok. 2 sekundy po w\u0142\u0105czeniu Czas poboru pr\u00f3bki ok. 2 sekund Alkomat posiada licznik pomiar\u00f3w Pami\u0119\u0107 100 ostatnich test\u00f3w Sygnalizacja d\u017awi\u0119kowa pocz\u0105tku pomiaru Sygnalizacja d\u017awi\u0119kowa ko\u0144ca pomiaru Sygnalizacja kontroli roz\u0142adowania baterii Sygnalizacja uszkodzenia sensora Dioda LED uzupe\u0142niaj\u0105ca wskazania na wy\u015bwietlaczu Automatyczne wy\u0142\u0105czanie zasilania po bezczynno\u015bci u\u017cytkownika Alkomat dzia\u0142a w trybie automatycznym Zasilanie poprzez 1 bateri\u0119 CR123A (wystarcza na 1500 test\u00f3w) Certyfikaty i normy EU w zale\u017cno\u015bci od konfiguracji urz\u0105dzenia Temperatura pracy: -5\u00b0C do +50\u00b0C Wymiary 141x50x31mm Waga 150g z bateri\u0105 Zestaw zawiera: Alkomat elektrochemiczny Dr\u00e4ger 6000 Drukarka mobilna bluetooth Kabel USB do \u0142adowania drukarki Torba transportowa DragerBag na alkomat i drukark\u0119 Rolka papieru do drukarki 1 szt. &#8211; testowa Bateria alkaliczna CR123A Ustniki wielorazowe 3szt. (pakowane indywidualnie) Pasek na r\u0119k\u0119 Instrukcja obs\u0142ugi w j. polskim Karta gwarancyjna Certyfikat kalibracji wystawiany w dniu sprzeda\u017cy Program darmowej kalibracji w okresie 1 roku. Na ka\u017cdy produkt 2 lata gwarancji. Alkomat bierze udzia\u0142 w promocji dotycz\u0105cej\u00a0darmowych us\u0142ug kalibracji\u00a0w okresie 1 roku (bez limitu ilo\u015bciowego) od daty zakupu. Wykonujemy j\u0105 w naszym laboratorium serwisowym. Standardowo ta us\u0142uga jest p\u0142atna. Ka\u017cdy alkomat jest skalibrowany przed wysy\u0142k\u0105 do klienta i gotowy do u\u017cycia. Us\u0142ug\u0119 po\u015bwiadczamy\u00a0Certyfikatem kalibracji\u00a0dodawanym do ka\u017cdego alkomatu.<\/p>\n","protected":false},"excerpt":{"rendered":"<p>Alkomat\u00a0Drager Alcotest 6000 z drukark\u0105 Wyposa\u017cony w modu\u0142 bluetooth alkomat profesjonalny Drager Alcotest 6000 to jeden z najlepszych i najnowocze\u015bniejszych system\u00f3w niemieckiej technologii przeznaczony do testowania stanu trze\u017awo\u015bci w wydychanym powietrzu. Na dodatek urz\u0105dzenie zosta\u0142o przystosowane do pracy z mobiln\u0105 drukark\u0105 Drager BT. Alkomat zosta\u0142 wyposa\u017cony w bardzo precyzyjny sensor elektrochemiczny, kt\u00f3ry dzia\u0142a sprawnie i [&hellip;]<\/p>\n","protected":false},"featured_media":116452,"template":"","meta":[],"_links":{"self":[{"href":"https:\/\/profitstore.pl\/index.php\/wp-json\/wp\/v2\/product\/116451"}],"collection":[{"href":"https:\/\/profitstore.pl\/index.php\/wp-json\/wp\/v2\/product"}],"about":[{"href":"https:\/\/profitstore.pl\/index.php\/wp-json\/wp\/v2\/types\/product"}],"wp:featuredmedia":[{"embeddable":true,"href":"https:\/\/profitstore.pl\/index.php\/wp-json\/wp\/v2\/media\/116452"}],"wp:attachment":[{"href":"https:\/\/profitstore.pl\/index.php\/wp-json\/wp\/v2\/media?parent=116451"}],"curies":[{"name":"wp","href":"https:\/\/api.w.org\/{rel}","templated":true}]}}