{"id":116431,"date":"2024-10-14T18:17:29","date_gmt":"2024-10-14T18:17:29","guid":{"rendered":"https:\/\/profitstore.pl\/index.php\/produkt\/alkomat-alcodigital-p100-z-drukarka\/"},"modified":"2024-10-14T18:17:43","modified_gmt":"2024-10-14T18:17:43","slug":"alkomat-alcodigital-p100-z-drukarka","status":"publish","type":"product","link":"https:\/\/profitstore.pl\/index.php\/produkt\/alkomat-alcodigital-p100-z-drukarka\/","title":{"rendered":"Alkomat AlcoDigital P100 z drukark\u0105"},"content":{"rendered":"<p>Alkomat AlcoDigital P100 z drukark\u0105 Profesjonalny alkomat AlcoDigital P100 z drukark\u0105 bezprzewodow\u0105 zapewni Ci nie tylko dok\u0142adny pomiar, ale te\u017c wydruk wyniku badania. Dzi\u0119ki temu zyskujesz profesjonalny sprz\u0119t wykorzystywany przez instytucje publiczne, firmy oraz naprawd\u0119 wymagaj\u0105cych klient\u00f3w indywidualnych. Czy warto postawi\u0107 na alkomat AlcoDigital P100 z drukark\u0105? Trzy tryby pomiarowe Do wyboru masz a\u017c trzy tryby pomiarowe: Automatyczny \u2014 dostarcza wynik w spos\u00f3b cyfrowy. Przesiewowy \u2014 po za\u0142o\u017ceniu ustnika mo\u017cesz wykona\u0107 badania przesiewowe, co wska\u017ce, czy u danej osoby wykryto alkohol w wydychanym powietrzu. Dowodowy \u2014 mo\u017cesz wpisa\u0107 dane osobowe konkretnej osoby, a tak\u017ce dat\u0119 i godzin\u0119 badania. Informacje te s\u0105 widoczne po skopiowaniu wyniku na komputer. Zaawansowana technologia Alkomat AlcoDigital P100 z drukark\u0105 to gwarancja wysokiej jako\u015bci. W ko\u0144cu wykorzystuje profesjonaln\u0105 jednostk\u0119 pomiarow\u0105, sensor elektrochemiczny oraz nowoczesne oprogramowania i zintegrowany mikroprocesor. Gwarantowana kalibracja Zyskaj pomoc specjalist\u00f3w oraz kalibracj\u0119 w naszym laboratorium. Dzi\u0119ki temu wiesz, \u017ce alkomat zakupiony w naszym sklepie jest w\u0142a\u015bciwie przygotowany, a w przysz\u0142o\u015bci ch\u0119tnie udzielimy Ci pomocy. Alkomat AlcoDigital P100 z drukark\u0105 \u2014 opinie \u201eAlkomat z drukark\u0105 to podstawa w moim biznesie. Model AlcoDigital P100 sprawdza si\u0119 doskonale w tej roli. Oferuje mi wiele opcji, dzia\u0142a szybko i sprawnie\u201d. Miros\u0142aw \u201eKupi\u0142em alkomat AlcoDigital P100 ze wzgl\u0119du na drukark\u0119. Sprz\u0119t jest \u0142atwy w obs\u0142udze, precyzyjny, a przy tym ma funkcje, na kt\u00f3rych mi zale\u017cy\u201d. Sebastian G\u0142\u00f3wne zalety: Wbudowany procesor zapewnia wysok\u0105 wydajno\u015b\u0107 systemu testera Polskie menu Du\u017cy czytelny wy\u015bwietlacz TFT 2,4&#8243; Trzy tryby pomiarowe: manualny, zwyk\u0142y, dowodowy Bardzo kr\u00f3tki czas pomi\u0119dzy pomiarami Pami\u0119\u0107 do 10000 pomiar\u00f3w Mo\u017cliwo\u015b\u0107 zmiany jednostki pomiarowej w zale\u017cno\u015bci od potrzeb Bezprzewodowe po\u0142\u0105czenie z drukark\u0105 oraz wydruk z pami\u0119ci alkotestera (*opcja) Wirtualna klawiatura sterowana rysikiem do wpisywania danych badanego Port USB do pod\u0142\u0105czenia zasilania zewn\u0119trznego Elektrochemiczny czujnik, na bazie ogniw paliwowych, gwarantuje pomiar bez wp\u0142ywu na zanieczyszczenia oddechu. Kompaktowy projekt zapewnia szybkie, dok\u0142adne i stabilne dzia\u0142anie alkomatu. Tester przeno\u015bny i \u0142atwy w u\u017cyciu Zasianie poprzez: baterie AA, zasilacz samochodowy oraz zasilacz sieciowy Specjalnie zaprojektowane ustniki z zaworem zwrotnym Specyfikacja techniczna: Platynowy sensor elektrochemiczny Drukarka bezprzewodowa bluetooth Czujnik przep\u0142ywowy powietrza Kontrolowany mikroprocesorem Zakres pomiarowy 0.000-6.300\u2030 BAC (0.000-3.000mg\/L BrAC) Jednostki pomiarowe: (\u2030 promile, mg\/L, % BAC, mg\/100ml, mg\/ml, g\/100mL, g\/L) Rozdzielczo\u015b\u0107 wskaza\u0144 do 3 miejsc po przecinku Dok\u0142adno\u015b\u0107 (100mg\/100Ml +\/- 5%) Pami\u0119\u0107 10000 pomiar\u00f3w Mo\u017cliwo\u015b\u0107 bezprzewodowego wydruku (*opcja) Port USB Licznik pomiar\u00f3w 5 ustnik\u00f3w w komplecie Przygotowanie testera: 3 sekundy Czas pobierania pr\u00f3bki 3 sekundy Przerwa pomi\u0119dzy testami 3 sekundy Alarm d\u017awi\u0119kowy powy\u017cej 0,20\u2030 Wy\u015bwietlacz TFT 2,4&#8243; 4 cyfrowy z pod\u015bwietleniem Zasilanie 4szt. baterii alkalicznych AAA 1.5V\u00a0 Baterie starczaj\u0105 na oko\u0142o 200 test\u00f3w Funkcja powiadomienia o roz\u0142adowanych bateriach Funkcja automatycznego wy\u0142\u0105czania zasilania po te\u015bcie definiowalne przez u\u017cytkownika w minutach Temperatura pracy -10\u00b0C ~ 50\u00b0C Temperatura przechowywania -20\u00b0C ~ 70\u00b0C Wymiary 145x63x33mm Waga 165g (bez baterii) Gwarancja: 24 miesi\u0105ce Zestaw zawiera: Alkomat AlcoDigital P100 Drukarka bezprzewodowa bluetooth Ustniki 5szt. pakowane indywidualnie Zasilacz samochodowy 12V Pokrowiec (etui) Walizka z tworzywa sztucznego Ryski do ekranu TFT Instrukcja po polsku Karta gwarancyjna Certyfikat kalibracji wystawiany w dniu sprzeda\u017cy Alkomat bierze udzia\u0142 w promocji dotycz\u0105cej darmowych us\u0142ug kalibracji w okresie 1 roku (bez limitu ilo\u015bciowego) od daty zakupu. Standardowo ta us\u0142uga jest p\u0142atna. W tym przypadku jest ona wykonywana bezp\u0142atnie w naszym laboratorium serwisowym. Ka\u017cdy alkomat jest skalibrowany przed wysy\u0142k\u0105 do klienta i gotowy do u\u017cycia. Us\u0142ug\u0119 po\u015bwiadczamy Certyfikatem kalibracji dodawanym do ka\u017cdego alkomatu:<\/p>\n","protected":false},"excerpt":{"rendered":"<p>Alkomat AlcoDigital P100 z drukark\u0105 Profesjonalny alkomat AlcoDigital P100 z drukark\u0105 bezprzewodow\u0105 zapewni Ci nie tylko dok\u0142adny pomiar, ale te\u017c wydruk wyniku badania. Dzi\u0119ki temu zyskujesz profesjonalny sprz\u0119t wykorzystywany przez instytucje publiczne, firmy oraz naprawd\u0119 wymagaj\u0105cych klient\u00f3w indywidualnych. Czy warto postawi\u0107 na alkomat AlcoDigital P100 z drukark\u0105? Trzy tryby pomiarowe Do wyboru masz a\u017c trzy [&hellip;]<\/p>\n","protected":false},"featured_media":116432,"template":"","meta":[],"_links":{"self":[{"href":"https:\/\/profitstore.pl\/index.php\/wp-json\/wp\/v2\/product\/116431"}],"collection":[{"href":"https:\/\/profitstore.pl\/index.php\/wp-json\/wp\/v2\/product"}],"about":[{"href":"https:\/\/profitstore.pl\/index.php\/wp-json\/wp\/v2\/types\/product"}],"wp:featuredmedia":[{"embeddable":true,"href":"https:\/\/profitstore.pl\/index.php\/wp-json\/wp\/v2\/media\/116432"}],"wp:attachment":[{"href":"https:\/\/profitstore.pl\/index.php\/wp-json\/wp\/v2\/media?parent=116431"}],"curies":[{"name":"wp","href":"https:\/\/api.w.org\/{rel}","templated":true}]}}