{"id":116292,"date":"2026-04-06T16:00:40","date_gmt":"2026-04-06T16:00:40","guid":{"rendered":"https:\/\/profitstore.pl\/index.php\/produkt\/podklad-nieprzemakalny-pcv\/"},"modified":"2026-04-06T16:00:40","modified_gmt":"2026-04-06T16:00:40","slug":"podklad-nieprzemakalny-pcv","status":"publish","type":"product","link":"https:\/\/profitstore.pl\/index.php\/produkt\/podklad-nieprzemakalny-pcv\/","title":{"rendered":"Podk\u0142ad nieprzemakalny PCV"},"content":{"rendered":"","protected":false},"excerpt":{"rendered":"<p>Podk\u0142ad nieprzemakalny 70 x 140 cm.<\/p>\n<p>Dzianina poliestrowo-poliuretanowa. Odporna na wielokrotne zginanie. Zawiera \u015brodek bakteriostatyczny. Materia\u0142 nienasi\u0105kliwy o ograniczonej paroprzepuszczalno\u015bci.<\/p>\n","protected":false},"featured_media":111928,"template":"","meta":[],"_links":{"self":[{"href":"https:\/\/profitstore.pl\/index.php\/wp-json\/wp\/v2\/product\/116292"}],"collection":[{"href":"https:\/\/profitstore.pl\/index.php\/wp-json\/wp\/v2\/product"}],"about":[{"href":"https:\/\/profitstore.pl\/index.php\/wp-json\/wp\/v2\/types\/product"}],"wp:featuredmedia":[{"embeddable":true,"href":"https:\/\/profitstore.pl\/index.php\/wp-json\/wp\/v2\/media\/111928"}],"wp:attachment":[{"href":"https:\/\/profitstore.pl\/index.php\/wp-json\/wp\/v2\/media?parent=116292"}],"curies":[{"name":"wp","href":"https:\/\/api.w.org\/{rel}","templated":true}]}}