{"id":114671,"date":"2024-09-23T06:12:49","date_gmt":"2024-09-23T06:12:49","guid":{"rendered":"https:\/\/profitstore.pl\/index.php\/produkt\/bros-koro-derma-masc-w-tubie-150g-3\/"},"modified":"2024-09-23T06:12:49","modified_gmt":"2024-09-23T06:12:49","slug":"bros-koro-derma-masc-w-tubie-150g-3","status":"publish","type":"product","link":"https:\/\/profitstore.pl\/index.php\/produkt\/bros-koro-derma-masc-w-tubie-150g-3\/","title":{"rendered":"Bros- Koro derma ma\u015b\u0107 w tubie 150g"},"content":{"rendered":"<p>BROS KORO-DERMA \u2013 MA\u015a\u0106 OGRODNICZA Ma\u015b\u0107 ogrodnicza przeznaczona do zabezpieczania ran drzew i krzew\u00f3w, powsta\u0142ych podczas szczepie\u0144, uszkodze\u0144 mechanicznych, otar\u0107, p\u0119kni\u0119\u0107 pod wp\u0142ywem mroz\u00f3w, szk\u00f3d wyrz\u0105dzonych przez dzikie zwierz\u0119ta itp. Preparat zabezpiecza uszkodzone miejsca przed infekcjami wywo\u0142anymi patogenami i grzybami. Tworzy trwa\u0142\u0105 i elastyczn\u0105 pow\u0142ok\u0119 odporn\u0105 na dzia\u0142anie czynnik\u00f3w atmosferycznych. Koro-Derma chroni tak\u017ce przed wysychaniem oraz przyspiesza gojenie i zabli\u017anianie si\u0119 ran.<\/p>\n<p>Poni\u017cej przedstawiamy sprzedawany produkt:<\/p>\n<p><img src=\"https:\/\/noweogrody.pl\/40410-large_default\/bros-koro-derma-masc-w-tubie-150g.jpg\" alt=\"Bros- Koro derma ma\u015b\u0107 w tubie 150g\" \/><\/p>\n","protected":false},"excerpt":{"rendered":"<p>BROS KORO-DERMA \u2013 MA\u015a\u0106 OGRODNICZA Ma\u015b\u0107 ogrodnicza przeznaczona do zabezpieczania ran drzew i krzew\u00f3w, powsta\u0142ych podczas szczepie\u0144, uszkodze\u0144 mechanicznych, otar\u0107, p\u0119kni\u0119\u0107 pod wp\u0142ywem mroz\u00f3w, szk\u00f3d wyrz\u0105dzonych przez dzikie zwierz\u0119ta itp. Preparat zabezpiecza uszkodzone miejsca przed infekcjami wywo\u0142anymi patogenami i grzybami. Tworzy trwa\u0142\u0105 i elastyczn\u0105 pow\u0142ok\u0119 odporn\u0105 na dzia\u0142anie czynnik\u00f3w atmosferycznych. Koro-Derma chroni tak\u017ce przed wysychaniem oraz przyspiesza gojenie i zabli\u017anianie si\u0119 ran.<\/p>\n","protected":false},"featured_media":114672,"template":"","meta":[],"_links":{"self":[{"href":"https:\/\/profitstore.pl\/index.php\/wp-json\/wp\/v2\/product\/114671"}],"collection":[{"href":"https:\/\/profitstore.pl\/index.php\/wp-json\/wp\/v2\/product"}],"about":[{"href":"https:\/\/profitstore.pl\/index.php\/wp-json\/wp\/v2\/types\/product"}],"wp:featuredmedia":[{"embeddable":true,"href":"https:\/\/profitstore.pl\/index.php\/wp-json\/wp\/v2\/media\/114672"}],"wp:attachment":[{"href":"https:\/\/profitstore.pl\/index.php\/wp-json\/wp\/v2\/media?parent=114671"}],"curies":[{"name":"wp","href":"https:\/\/api.w.org\/{rel}","templated":true}]}}