{"id":1120,"date":"2021-03-19T07:33:22","date_gmt":"2021-03-19T07:33:22","guid":{"rendered":"https:\/\/profitstore.pl\/index.php\/produkt\/import-placeholder-for-1383\/"},"modified":"2021-03-19T07:33:27","modified_gmt":"2021-03-19T07:33:27","slug":"fotel-wypoczynkowy-optima","status":"publish","type":"product","link":"https:\/\/profitstore.pl\/index.php\/produkt\/fotel-wypoczynkowy-optima\/","title":{"rendered":"Fotel wypoczynkowy OPTIMA"},"content":{"rendered":"<p><strong>OPTIMA\u00a0<\/strong>komfortowy fotel rozk\u0142adany dost\u0119pny w czterech kolorach<\/p>\n<p><span id=\"ctl00_ContentPlaceHolder1_Label4_\" class=\"tile-s-tekst-opis\" style=\"padding-right: 5px; font-variant-numeric: normal; font-variant-east-asian: normal; font-stretch: normal; font-size: 17.3333px; line-height: normal; font-family: 'Segoe UI';\">Opis produktu:<\/span><br style=\"color: #be0024; font-family: 'Segoe UI'; font-size: 17.3333px;\" \/><span id=\"ctl00_ContentPlaceHolder1_txtOpis\" style=\"color: #be0024; font-family: 'Segoe UI'; font-size: 11pt;\">wymiary: 77\/80-139\/101-84 cm,<\/span><\/p>\n<p><span id=\"ctl00_ContentPlaceHolder1_txtOpis\" style=\"color: #be0024; font-family: 'Segoe UI'; font-size: 11pt;\"> fotel rozk\u0142adany<\/span><\/p>\n<p><span id=\"ctl00_ContentPlaceHolder1_txtOpis\" style=\"color: #be0024; font-family: 'Segoe UI'; font-size: 11pt;\"> materia\u0142: eco sk\u00f3ra \/ PVC, <\/span><\/p>\n<p><span id=\"ctl00_ContentPlaceHolder1_txtOpis\" style=\"color: #be0024; font-family: 'Segoe UI'; font-size: 11pt;\">kolor: be\u017cowy, popielaty, cappucino lub czarny<\/span><\/p>\n<p><span style=\"color: #be0024; font-family: 'Segoe UI'; font-size: 11pt;\">be\u017cowy<\/span><\/p>\n<p><img src=\"https:\/\/zamowienia.halmar.pl\/Upload\/d41d8cd98f00b204e9800998ecf8427e\/f7c7224c1ed3fe69e9ab1d07b2164180.jpeg?131841064403375007\" alt=\"\" \/><\/p>\n<p><span style=\"color: #be0024; font-family: 'Segoe UI'; font-size: 11pt;\">popielaty<\/span><\/p>\n<p><img src=\"https:\/\/zamowienia.halmar.pl\/Upload\/d41d8cd98f00b204e9800998ecf8427e\/99c134907c50614370377a4fbcd9aec9.jpeg?131841066717125038\" alt=\"\" \/><\/p>\n<p><span style=\"color: #be0024; font-family: 'Segoe UI'; font-size: 11pt;\">cappucino<\/span><\/p>\n<p><img src=\"https:\/\/zamowienia.halmar.pl\/Upload\/d41d8cd98f00b204e9800998ecf8427e\/8cc776dd253c56403aca6803550deaca.jpeg?131841067237281281\" alt=\"\" \/><\/p>\n<p><span style=\"color: #be0024; font-family: 'Segoe UI'; font-size: 11pt;\">czarny<\/span><\/p>\n<p><img src=\"https:\/\/zamowienia.halmar.pl\/Upload\/d41d8cd98f00b204e9800998ecf8427e\/5deea62eaae80eb42c6cc81b47d6731c.jpeg?131841068003218760\" alt=\"\" \/><\/p>\n","protected":false},"excerpt":{"rendered":"<p>OPTIMA\u00a0komfortowy fotel rozk\u0142adany dost\u0119pny w czterech kolorach Opis produktu:wymiary: 77\/80-139\/101-84 cm, fotel rozk\u0142adany materia\u0142: eco sk\u00f3ra \/ PVC, kolor: be\u017cowy, popielaty, cappucino lub czarny be\u017cowy popielaty cappucino czarny<\/p>\n","protected":false},"featured_media":0,"template":"","meta":[],"_links":{"self":[{"href":"https:\/\/profitstore.pl\/index.php\/wp-json\/wp\/v2\/product\/1120"}],"collection":[{"href":"https:\/\/profitstore.pl\/index.php\/wp-json\/wp\/v2\/product"}],"about":[{"href":"https:\/\/profitstore.pl\/index.php\/wp-json\/wp\/v2\/types\/product"}],"wp:attachment":[{"href":"https:\/\/profitstore.pl\/index.php\/wp-json\/wp\/v2\/media?parent=1120"}],"curies":[{"name":"wp","href":"https:\/\/api.w.org\/{rel}","templated":true}]}}