{"id":110402,"date":"2026-03-30T16:00:54","date_gmt":"2026-03-30T16:00:54","guid":{"rendered":"https:\/\/profitstore.pl\/index.php\/produkt\/fotel-wannowy-atlantis-2\/"},"modified":"2026-03-30T16:00:54","modified_gmt":"2026-03-30T16:00:54","slug":"fotel-wannowy-atlantis-2","status":"publish","type":"product","link":"https:\/\/profitstore.pl\/index.php\/produkt\/fotel-wannowy-atlantis-2\/","title":{"rendered":"Fotel wannowy ATLANTIS"},"content":{"rendered":"","protected":false},"excerpt":{"rendered":"<p>Fotel obrotowy posiada wyjmowane pod\u0142okietniki oraz regulowane stabilizatory boczne zapewniaj\u0105ce bezpieczne mocowanie na wannie. Posiada on konstrukcj\u0119 stalow\u0105 zabezpieczon\u0105 antykorozyjnie oraz masywne siedzisko z tworzywa.<\/p>\n","protected":false},"featured_media":111896,"template":"","meta":[],"_links":{"self":[{"href":"https:\/\/profitstore.pl\/index.php\/wp-json\/wp\/v2\/product\/110402"}],"collection":[{"href":"https:\/\/profitstore.pl\/index.php\/wp-json\/wp\/v2\/product"}],"about":[{"href":"https:\/\/profitstore.pl\/index.php\/wp-json\/wp\/v2\/types\/product"}],"wp:featuredmedia":[{"embeddable":true,"href":"https:\/\/profitstore.pl\/index.php\/wp-json\/wp\/v2\/media\/111896"}],"wp:attachment":[{"href":"https:\/\/profitstore.pl\/index.php\/wp-json\/wp\/v2\/media?parent=110402"}],"curies":[{"name":"wp","href":"https:\/\/api.w.org\/{rel}","templated":true}]}}