{"id":110377,"date":"2026-02-09T17:01:39","date_gmt":"2026-02-09T17:01:39","guid":{"rendered":"https:\/\/profitstore.pl\/index.php\/produkt\/wozek-inwalidzki-reczny-stalowy-marlin\/"},"modified":"2026-02-09T17:01:39","modified_gmt":"2026-02-09T17:01:39","slug":"wozek-inwalidzki-reczny-stalowy-marlin","status":"publish","type":"product","link":"https:\/\/profitstore.pl\/index.php\/produkt\/wozek-inwalidzki-reczny-stalowy-marlin\/","title":{"rendered":"W\u00f3zek inwalidzki r\u0119czny stalowy Marlin"},"content":{"rendered":"","protected":false},"excerpt":{"rendered":"<p>Standardowy w\u00f3zek inwalidzki ze stali chromowo-molibdenowej z mo\u017cliwo\u015bci\u0105 szybkiego demonta\u017cu k\u00f3\u0142 &#8211; szybkoz\u0142\u0105cze, sk\u0142adany krzy\u017cakowo. Posiada regulowane na wysoko\u015b\u0107, unoszone oraz wyjmowane pod\u0142okietniki, a tak\u017ce odchylane, zdejmowane i regulowane na d\u0142ugo\u015b\u0107 podn\u00f3\u017cki.<\/p>\n","protected":false},"featured_media":111857,"template":"","meta":[],"_links":{"self":[{"href":"https:\/\/profitstore.pl\/index.php\/wp-json\/wp\/v2\/product\/110377"}],"collection":[{"href":"https:\/\/profitstore.pl\/index.php\/wp-json\/wp\/v2\/product"}],"about":[{"href":"https:\/\/profitstore.pl\/index.php\/wp-json\/wp\/v2\/types\/product"}],"wp:featuredmedia":[{"embeddable":true,"href":"https:\/\/profitstore.pl\/index.php\/wp-json\/wp\/v2\/media\/111857"}],"wp:attachment":[{"href":"https:\/\/profitstore.pl\/index.php\/wp-json\/wp\/v2\/media?parent=110377"}],"curies":[{"name":"wp","href":"https:\/\/api.w.org\/{rel}","templated":true}]}}