{"id":110375,"date":"2025-11-10T17:00:42","date_gmt":"2025-11-10T17:00:42","guid":{"rendered":"https:\/\/profitstore.pl\/index.php\/produkt\/laweczka-na-wanne-z-raczka-2\/"},"modified":"2025-11-10T17:00:43","modified_gmt":"2025-11-10T17:00:43","slug":"laweczka-na-wanne-z-raczka-2","status":"publish","type":"product","link":"https:\/\/profitstore.pl\/index.php\/produkt\/laweczka-na-wanne-z-raczka-2\/","title":{"rendered":"\u0141aweczka na wann\u0119  z r\u0105czk\u0105"},"content":{"rendered":"","protected":false},"excerpt":{"rendered":"<p>\u0141aweczka na wann\u0119 z dodatkowym uchwytem. U\u0142atwia osobie z niepe\u0142nosprawno\u015bci\u0105 korzystanie z wanny. Regulowana\u00a0 szeroko\u015b\u0107.<\/p>\n","protected":false},"featured_media":111854,"template":"","meta":[],"_links":{"self":[{"href":"https:\/\/profitstore.pl\/index.php\/wp-json\/wp\/v2\/product\/110375"}],"collection":[{"href":"https:\/\/profitstore.pl\/index.php\/wp-json\/wp\/v2\/product"}],"about":[{"href":"https:\/\/profitstore.pl\/index.php\/wp-json\/wp\/v2\/types\/product"}],"wp:featuredmedia":[{"embeddable":true,"href":"https:\/\/profitstore.pl\/index.php\/wp-json\/wp\/v2\/media\/111854"}],"wp:attachment":[{"href":"https:\/\/profitstore.pl\/index.php\/wp-json\/wp\/v2\/media?parent=110375"}],"curies":[{"name":"wp","href":"https:\/\/api.w.org\/{rel}","templated":true}]}}