{"id":110310,"date":"2025-11-24T17:00:23","date_gmt":"2025-11-24T17:00:23","guid":{"rendered":"https:\/\/profitstore.pl\/index.php\/produkt\/krzeslo-prysznicowe-swift-3\/"},"modified":"2025-11-24T17:00:23","modified_gmt":"2025-11-24T17:00:23","slug":"krzeslo-prysznicowe-swift-3","status":"publish","type":"product","link":"https:\/\/profitstore.pl\/index.php\/produkt\/krzeslo-prysznicowe-swift-3\/","title":{"rendered":"Krzes\u0142o prysznicowe Swift"},"content":{"rendered":"","protected":false},"excerpt":{"rendered":"<p>Krzes\u0142o prysznicowe Swift wskazane dla os\u00f3b z ograniczonym potencja\u0142em ruchowym, dla kt\u00f3rych wej\u015bcie do wanny jest du\u017c\u0105 trudno\u015bci\u0105. Posiada du\u017ce i g\u0142\u0119bokie siedzisko z otworami na swobodne sp\u0142ywanie wody oraz wyci\u0119ciem z przodu u\u0142atwiaj\u0105cym wykonanie higieny intymnej. Nak\u0142adki na nogach gwarantuj\u0105 przyczepno\u015b\u0107 i stabilno\u015b\u0107.Mo\u017cliwo\u015b\u0107 regulacji wysoko\u015bci.Waga u\u017cytkownika do160 kg.Producent ETAC.<\/p>\n","protected":false},"featured_media":111762,"template":"","meta":[],"_links":{"self":[{"href":"https:\/\/profitstore.pl\/index.php\/wp-json\/wp\/v2\/product\/110310"}],"collection":[{"href":"https:\/\/profitstore.pl\/index.php\/wp-json\/wp\/v2\/product"}],"about":[{"href":"https:\/\/profitstore.pl\/index.php\/wp-json\/wp\/v2\/types\/product"}],"wp:featuredmedia":[{"embeddable":true,"href":"https:\/\/profitstore.pl\/index.php\/wp-json\/wp\/v2\/media\/111762"}],"wp:attachment":[{"href":"https:\/\/profitstore.pl\/index.php\/wp-json\/wp\/v2\/media?parent=110310"}],"curies":[{"name":"wp","href":"https:\/\/api.w.org\/{rel}","templated":true}]}}