{"id":110303,"date":"2025-12-01T17:00:21","date_gmt":"2025-12-01T17:00:21","guid":{"rendered":"https:\/\/profitstore.pl\/index.php\/produkt\/barierka-zabezpieczajaca-do-wozka-clean-2\/"},"modified":"2025-12-01T17:00:21","modified_gmt":"2025-12-01T17:00:21","slug":"barierka-zabezpieczajaca-do-wozka-clean-2","status":"publish","type":"product","link":"https:\/\/profitstore.pl\/index.php\/produkt\/barierka-zabezpieczajaca-do-wozka-clean-2\/","title":{"rendered":"Barierka zabezpieczaj\u0105ca do w\u00f3zka Clean"},"content":{"rendered":"","protected":false},"excerpt":{"rendered":"<p>Poprzeczka zak\u0142adana na pod\u0142okietniki celem zabezpieczenia u\u017cytkownika przed niekontrolowanym zsuni\u0119ciem si\u0119 z w\u00f3zka.<\/p>\n","protected":false},"featured_media":111754,"template":"","meta":[],"_links":{"self":[{"href":"https:\/\/profitstore.pl\/index.php\/wp-json\/wp\/v2\/product\/110303"}],"collection":[{"href":"https:\/\/profitstore.pl\/index.php\/wp-json\/wp\/v2\/product"}],"about":[{"href":"https:\/\/profitstore.pl\/index.php\/wp-json\/wp\/v2\/types\/product"}],"wp:featuredmedia":[{"embeddable":true,"href":"https:\/\/profitstore.pl\/index.php\/wp-json\/wp\/v2\/media\/111754"}],"wp:attachment":[{"href":"https:\/\/profitstore.pl\/index.php\/wp-json\/wp\/v2\/media?parent=110303"}],"curies":[{"name":"wp","href":"https:\/\/api.w.org\/{rel}","templated":true}]}}